Last updated on 2025-07-11 12:49:31 CEST.
Flavor | Version | Tinstall | Tcheck | Ttotal | Status | Flags |
---|---|---|---|---|---|---|
r-devel-linux-x86_64-debian-clang | 1.1.0 | 4.13 | 64.79 | 68.92 | OK | |
r-devel-linux-x86_64-debian-gcc | 1.1.0 | 2.58 | 48.54 | 51.12 | OK | |
r-devel-linux-x86_64-fedora-clang | 1.1.0 | 100.83 | OK | |||
r-devel-linux-x86_64-fedora-gcc | 1.1.0 | 110.01 | OK | |||
r-devel-windows-x86_64 | 1.1.0 | 7.00 | 68.00 | 75.00 | OK | |
r-patched-linux-x86_64 | 1.1.0 | 4.19 | 62.02 | 66.21 | OK | |
r-release-linux-x86_64 | 1.1.0 | 3.84 | 61.79 | 65.63 | OK | |
r-release-macos-arm64 | 1.1.0 | 34.00 | OK | |||
r-release-macos-x86_64 | 1.1.0 | 62.00 | OK | |||
r-release-windows-x86_64 | 1.1.0 | 6.00 | 68.00 | 74.00 | OK | |
r-oldrel-macos-arm64 | 1.1.0 | 32.00 | NOTE | |||
r-oldrel-macos-x86_64 | 1.1.0 | 53.00 | NOTE | |||
r-oldrel-windows-x86_64 | 1.1.0 | 8.00 | 81.00 | 89.00 | NOTE |
Version: 1.1.0
Check: LazyData
Result: NOTE
'LazyData' is specified without a 'data' directory
Flavors: r-oldrel-macos-arm64, r-oldrel-macos-x86_64, r-oldrel-windows-x86_64