Last updated on 2025-11-04 11:52:42 CET.
| Flavor | Version | Tinstall | Tcheck | Ttotal | Status | Flags | 
|---|---|---|---|---|---|---|
| r-devel-linux-x86_64-debian-clang | 0.9-83-12 | 16.50 | 117.77 | 134.27 | OK | |
| r-devel-linux-x86_64-debian-gcc | 0.9-83-12 | 11.09 | 74.99 | 86.08 | OK | |
| r-devel-linux-x86_64-fedora-clang | 0.9-83-12 | 112.00 | 118.04 | 230.04 | OK | |
| r-devel-linux-x86_64-fedora-gcc | 0.9-83-12 | 36.00 | 158.58 | 194.58 | OK | |
| r-devel-windows-x86_64 | 0.9-83-12 | 22.00 | 153.00 | 175.00 | OK | |
| r-patched-linux-x86_64 | 0.9-83-12 | 19.46 | 111.87 | 131.33 | OK | |
| r-release-linux-x86_64 | 0.9-83-12 | 16.36 | 111.52 | 127.88 | OK | |
| r-release-macos-arm64 | 0.9-83-12 | 8.00 | 38.00 | 46.00 | OK | |
| r-release-macos-x86_64 | 0.9-83-12 | 17.00 | 58.00 | 75.00 | OK | |
| r-release-windows-x86_64 | 0.9-83-12 | 22.00 | 160.00 | 182.00 | OK | |
| r-oldrel-macos-arm64 | 0.9-83-12 | 7.00 | 44.00 | 51.00 | NOTE | |
| r-oldrel-macos-x86_64 | 0.9-83-12 | 15.00 | 72.00 | 87.00 | NOTE | |
| r-oldrel-windows-x86_64 | 0.9-83-12 | 28.00 | 194.00 | 222.00 | NOTE | 
Version: 0.9-83-12
Check: package dependencies
Result: NOTE
  Package which this enhances but not available for checking: ‘glmmADMB’
Flavors: r-oldrel-macos-arm64, r-oldrel-macos-x86_64, r-oldrel-windows-x86_64