CRAN Package Check Results for Package RTD

Last updated on 2025-05-23 12:49:38 CEST.

Flavor Version Tinstall Tcheck Ttotal Status Flags
r-devel-linux-x86_64-debian-clang 0.4.1 4.83 41.20 46.03 OK
r-devel-linux-x86_64-debian-gcc 0.4.1 3.29 30.78 34.07 OK
r-devel-linux-x86_64-fedora-clang 0.4.1 72.66 OK
r-devel-linux-x86_64-fedora-gcc 0.4.1 85.19 OK
r-devel-windows-x86_64 0.4.1 7.00 64.00 71.00 OK
r-patched-linux-x86_64 0.4.1 5.11 37.89 43.00 OK
r-release-linux-x86_64 0.4.1 4.89 38.37 43.26 OK
r-release-macos-arm64 0.4.1 36.00 OK
r-release-macos-x86_64 0.4.1 71.00 OK
r-release-windows-x86_64 0.4.1 8.00 63.00 71.00 OK
r-oldrel-macos-arm64 0.4.1 34.00 NOTE
r-oldrel-macos-x86_64 0.4.1 61.00 NOTE
r-oldrel-windows-x86_64 0.4.1 8.00 70.00 78.00 NOTE

Check Details

Version: 0.4.1
Check: LazyData
Result: NOTE 'LazyData' is specified without a 'data' directory Flavors: r-oldrel-macos-arm64, r-oldrel-macos-x86_64, r-oldrel-windows-x86_64

mirror server hosted at Truenetwork, Russian Federation.