Last updated on 2025-02-21 17:50:54 CET.
Flavor | Version | Tinstall | Tcheck | Ttotal | Status | Flags |
---|---|---|---|---|---|---|
r-devel-linux-x86_64-debian-clang | 1.0.2.1 | 109.39 | 498.04 | 607.43 | OK | |
r-devel-linux-x86_64-debian-gcc | 1.0.2.1 | 73.56 | 313.65 | 387.21 | OK | |
r-devel-linux-x86_64-fedora-clang | 1.0.2.1 | 1103.58 | OK | |||
r-devel-linux-x86_64-fedora-gcc | 1.0.2.1 | 985.19 | OK | |||
r-devel-macos-arm64 | 1.0.2.1 | 132.00 | OK | |||
r-devel-macos-x86_64 | 1.0.2.1 | 322.00 | OK | |||
r-devel-windows-x86_64 | 1.0.2.1 | 109.00 | 417.00 | 526.00 | OK | |
r-patched-linux-x86_64 | 1.0.2.1 | 108.13 | 451.80 | 559.93 | OK | |
r-release-linux-x86_64 | 1.0.2.1 | 105.11 | 453.37 | 558.48 | OK | |
r-release-macos-arm64 | 1.0.2.1 | 186.00 | NOTE | |||
r-release-macos-x86_64 | 1.0.2.1 | 394.00 | NOTE | |||
r-release-windows-x86_64 | 1.0.2.1 | 111.00 | 427.00 | 538.00 | OK | |
r-oldrel-macos-arm64 | 1.0.0 | 256.00 | NOTE | |||
r-oldrel-macos-x86_64 | 1.0.2.1 | 561.00 | NOTE | |||
r-oldrel-windows-x86_64 | 1.0.2.1 | 149.00 | 525.00 | 674.00 | OK |
Version: 1.0.2.1
Check: installed package size
Result: NOTE
installed size is 6.4Mb
sub-directories of 1Mb or more:
external 1.6Mb
libs 4.3Mb
Flavors: r-release-macos-arm64, r-release-macos-x86_64, r-oldrel-macos-x86_64
Version: 1.0.0
Check: installed package size
Result: NOTE
installed size is 5.9Mb
sub-directories of 1Mb or more:
external 1.6Mb
libs 3.8Mb
Flavor: r-oldrel-macos-arm64