CRAN Package Check Results for Package RSBJson

Last updated on 2025-05-26 00:48:43 CEST.

Flavor Version Tinstall Tcheck Ttotal Status Flags
r-devel-linux-x86_64-debian-clang 1.1.2 1.66 18.83 20.49 NOTE
r-devel-linux-x86_64-debian-gcc 1.1.2 1.28 15.75 17.03 NOTE
r-devel-linux-x86_64-fedora-clang 1.1.2 32.28 OK
r-devel-linux-x86_64-fedora-gcc 1.1.2 31.33 OK
r-devel-windows-x86_64 1.1.2 3.00 39.00 42.00 OK
r-patched-linux-x86_64 1.1.2 1.57 18.07 19.64 OK
r-release-linux-x86_64 1.1.2 1.46 18.23 19.69 OK
r-release-macos-arm64 1.1.2 16.00 OK
r-release-macos-x86_64 1.1.2 24.00 OK
r-release-windows-x86_64 1.1.2 4.00 42.00 46.00 OK
r-oldrel-macos-arm64 1.1.2 17.00 OK
r-oldrel-macos-x86_64 1.1.2 29.00 OK
r-oldrel-windows-x86_64 1.1.2 3.00 44.00 47.00 OK

Check Details

Version: 1.1.2
Check: CRAN incoming feasibility
Result: NOTE Maintainer: ‘Tobias Verbeke <tobias.verbeke@openanalytics.eu>’ No Authors@R field in DESCRIPTION. Please add one, modifying Authors@R: person(given = "Tobias", family = "Verbeke", role = c("aut", "cre"), email = "tobias.verbeke@openanalytics.eu") as necessary. Flavors: r-devel-linux-x86_64-debian-clang, r-devel-linux-x86_64-debian-gcc

mirror server hosted at Truenetwork, Russian Federation.