Last updated on 2025-11-04 05:51:23 CET.
| Flavor | Version | Tinstall | Tcheck | Ttotal | Status | Flags | 
|---|---|---|---|---|---|---|
| r-devel-linux-x86_64-debian-clang | 1.4.8 | 54.91 | 56.41 | 111.32 | OK | |
| r-devel-linux-x86_64-debian-gcc | 1.4.8 | 34.47 | 44.28 | 78.75 | OK | |
| r-devel-linux-x86_64-fedora-clang | 1.4.8 | 136.00 | 72.65 | 208.65 | OK | |
| r-devel-linux-x86_64-fedora-gcc | 1.4.8 | 105.00 | 87.13 | 192.13 | OK | |
| r-devel-windows-x86_64 | 1.4.8 | 112.00 | 401.00 | 513.00 | OK | |
| r-patched-linux-x86_64 | 1.4.8 | 47.88 | 53.64 | 101.52 | OK | |
| r-release-linux-x86_64 | 1.4.8 | 49.34 | 53.88 | 103.22 | OK | |
| r-release-macos-arm64 | 1.4.8 | 29.00 | 51.00 | 80.00 | OK | |
| r-release-macos-x86_64 | 1.4.8 | 29.00 | 86.00 | 115.00 | OK | |
| r-release-windows-x86_64 | 1.4.8 | 88.00 | 385.00 | 473.00 | OK | |
| r-oldrel-macos-arm64 | 1.4.8 | 23.00 | 45.00 | 68.00 | NOTE | |
| r-oldrel-macos-x86_64 | 1.4.8 | 29.00 | 117.00 | 146.00 | NOTE | |
| r-oldrel-windows-x86_64 | 1.4.8 | 116.00 | 415.00 | 531.00 | NOTE | 
Version: 1.4.8
Check: installed package size
Result: NOTE
    installed size is  7.5Mb
    sub-directories of 1Mb or more:
      libs   7.0Mb
Flavors: r-oldrel-macos-arm64, r-oldrel-macos-x86_64, r-oldrel-windows-x86_64