Last updated on 2025-11-04 05:51:23 CET.
| Flavor | Version | Tinstall | Tcheck | Ttotal | Status | Flags | 
|---|---|---|---|---|---|---|
| r-devel-linux-x86_64-debian-clang | 1.1.3 | 38.17 | 33.46 | 71.63 | OK | |
| r-devel-linux-x86_64-debian-gcc | 1.1.3 | 24.32 | 27.93 | 52.25 | OK | |
| r-devel-linux-x86_64-fedora-clang | 1.1.3 | 59.00 | 64.62 | 123.62 | OK | |
| r-devel-linux-x86_64-fedora-gcc | 1.1.3 | 52.00 | 73.57 | 125.57 | OK | |
| r-devel-windows-x86_64 | 1.1.3 | 51.00 | 66.00 | 117.00 | OK | |
| r-patched-linux-x86_64 | 1.1.3 | 33.46 | 32.68 | 66.14 | OK | |
| r-release-linux-x86_64 | 1.1.3 | 33.95 | 32.46 | 66.41 | OK | |
| r-release-macos-arm64 | 1.1.3 | 22.00 | 36.00 | 58.00 | OK | |
| r-release-macos-x86_64 | 1.1.3 | 28.00 | 46.00 | 74.00 | OK | |
| r-release-windows-x86_64 | 1.1.3 | 49.00 | 66.00 | 115.00 | OK | |
| r-oldrel-macos-arm64 | 1.1.3 | 22.00 | 26.00 | 48.00 | NOTE | |
| r-oldrel-macos-x86_64 | 1.1.3 | 31.00 | 44.00 | 75.00 | NOTE | |
| r-oldrel-windows-x86_64 | 1.1.3 | 56.00 | 77.00 | 133.00 | OK | 
Version: 1.1.3
Check: installed package size
Result: NOTE
    installed size is  8.0Mb
    sub-directories of 1Mb or more:
      libs   7.6Mb
Flavors: r-oldrel-macos-arm64, r-oldrel-macos-x86_64