Last updated on 2025-02-21 17:50:53 CET.
Flavor | Version | Tinstall | Tcheck | Ttotal | Status | Flags |
---|---|---|---|---|---|---|
r-devel-linux-x86_64-debian-clang | 1.0-1 | 5.62 | 482.54 | 488.16 | NOTE | |
r-devel-linux-x86_64-debian-gcc | 1.0-1 | 4.23 | 298.08 | 302.31 | NOTE | |
r-devel-linux-x86_64-fedora-clang | 1.0-1 | 82.94 | NOTE | |||
r-devel-linux-x86_64-fedora-gcc | 1.0-1 | 73.78 | NOTE | |||
r-devel-macos-arm64 | 1.0-1 | 24.00 | NOTE | |||
r-devel-macos-x86_64 | 1.0-1 | 42.00 | NOTE | |||
r-devel-windows-x86_64 | 1.0-1 | 43.00 | 346.00 | 389.00 | NOTE | |
r-patched-linux-x86_64 | 1.0-1 | 7.28 | 444.02 | 451.30 | NOTE | |
r-release-linux-x86_64 | 1.0-1 | 5.95 | 438.08 | 444.03 | NOTE | |
r-release-macos-arm64 | 1.0-1 | 26.00 | NOTE | |||
r-release-macos-x86_64 | 1.0-1 | 36.00 | NOTE | |||
r-release-windows-x86_64 | 1.0-1 | 25.00 | 342.00 | 367.00 | NOTE | |
r-oldrel-macos-arm64 | 1.0-1 | 25.00 | OK | |||
r-oldrel-macos-x86_64 | 1.0-1 | 46.00 | OK | |||
r-oldrel-windows-x86_64 | 1.0-1 | 24.00 | 419.00 | 443.00 | OK |
Version: 1.0-1
Check: Rd files
Result: NOTE
checkRd: (-1) ROI_plugin_build_equality_constraints.Rd:27: Lost braces in \enumerate; meant \describe ?
checkRd: (-1) ROI_plugin_build_equality_constraints.Rd:28: Lost braces in \enumerate; meant \describe ?
checkRd: (-1) ROI_plugin_build_inequality_constraints.Rd:27: Lost braces in \enumerate; meant \describe ?
checkRd: (-1) ROI_plugin_build_inequality_constraints.Rd:28: Lost braces in \enumerate; meant \describe ?
checkRd: (-1) ROI_plugin_build_inequality_constraints.Rd:29: Lost braces in \enumerate; meant \describe ?
checkRd: (-1) ROI_solve.Rd:26: Lost braces in \itemize; \value handles \item{}{} directly
checkRd: (-1) ROI_solve.Rd:27: Lost braces in \itemize; \value handles \item{}{} directly
checkRd: (-1) ROI_solve.Rd:28-30: Lost braces in \itemize; \value handles \item{}{} directly
checkRd: (-1) ROI_solve.Rd:31: Lost braces in \itemize; \value handles \item{}{} directly
Flavors: r-devel-linux-x86_64-debian-clang, r-devel-linux-x86_64-debian-gcc, r-devel-linux-x86_64-fedora-clang, r-devel-linux-x86_64-fedora-gcc, r-devel-macos-arm64, r-devel-macos-x86_64, r-devel-windows-x86_64, r-patched-linux-x86_64, r-release-linux-x86_64, r-release-macos-arm64, r-release-macos-x86_64, r-release-windows-x86_64