Last updated on 2025-02-21 17:50:53 CET.
Flavor | Version | Tinstall | Tcheck | Ttotal | Status | Flags |
---|---|---|---|---|---|---|
r-devel-linux-x86_64-debian-clang | 1.0-11 | 3.81 | 128.77 | 132.58 | NOTE | |
r-devel-linux-x86_64-debian-gcc | 1.0-11 | 2.32 | 82.50 | 84.82 | NOTE | |
r-devel-linux-x86_64-fedora-clang | 1.0-11 | 214.33 | NOTE | |||
r-devel-linux-x86_64-fedora-gcc | 1.0-11 | 212.81 | NOTE | |||
r-devel-macos-arm64 | 1.0-11 | 66.00 | NOTE | |||
r-devel-macos-x86_64 | 1.0-11 | 142.00 | NOTE | |||
r-devel-windows-x86_64 | 1.0-11 | 6.00 | 123.00 | 129.00 | NOTE | |
r-patched-linux-x86_64 | 1.0-11 | 4.01 | 113.85 | 117.86 | NOTE | |
r-release-linux-x86_64 | 1.0-11 | 4.29 | 116.17 | 120.46 | NOTE | |
r-release-macos-arm64 | 1.0-11 | 57.00 | NOTE | |||
r-release-macos-x86_64 | 1.0-11 | 96.00 | NOTE | |||
r-release-windows-x86_64 | 1.0-11 | 6.00 | 123.00 | 129.00 | NOTE | |
r-oldrel-macos-arm64 | 1.0-11 | 52.00 | NOTE | |||
r-oldrel-macos-x86_64 | 1.0-11 | 93.00 | NOTE | |||
r-oldrel-windows-x86_64 | 1.0-11 | 6.00 | 173.00 | 179.00 | NOTE |
Version: 1.0-11
Check: Rd files
Result: NOTE
checkRd: (-1) performance.Rd:35: Escaped LaTeX specials: \#
checkRd: (-1) performance.Rd:36: Escaped LaTeX specials: \# \# \#
checkRd: (-1) performance.Rd:37: Escaped LaTeX specials: \# \#
Flavors: r-devel-linux-x86_64-debian-clang, r-devel-linux-x86_64-debian-gcc, r-devel-linux-x86_64-fedora-clang, r-devel-linux-x86_64-fedora-gcc, r-devel-macos-arm64, r-devel-macos-x86_64, r-devel-windows-x86_64, r-patched-linux-x86_64, r-release-linux-x86_64, r-release-macos-arm64, r-release-macos-x86_64, r-release-windows-x86_64, r-oldrel-macos-arm64, r-oldrel-macos-x86_64, r-oldrel-windows-x86_64