CRAN Package Check Results for Package RNifti

Last updated on 2025-07-13 18:52:55 CEST.

Flavor Version Tinstall Tcheck Ttotal Status Flags
r-devel-linux-x86_64-debian-clang 1.8.0 24.55 36.61 61.16 OK
r-devel-linux-x86_64-debian-gcc 1.8.0 21.57 29.27 50.84 OK
r-devel-linux-x86_64-fedora-clang 1.8.0 94.80 OK
r-devel-linux-x86_64-fedora-gcc 1.8.0 114.14 OK
r-devel-windows-x86_64 1.8.0 30.00 82.00 112.00 OK
r-patched-linux-x86_64 1.8.0 30.66 33.21 63.87 OK
r-release-linux-x86_64 1.8.0 28.66 33.22 61.88 OK
r-release-macos-arm64 1.8.0 53.00 OK
r-release-macos-x86_64 1.8.0 68.00 OK
r-release-windows-x86_64 1.8.0 30.00 86.00 116.00 OK
r-oldrel-macos-arm64 1.8.0 63.00 NOTE
r-oldrel-macos-x86_64 1.8.0 120.00 NOTE
r-oldrel-windows-x86_64 1.8.0 29.00 92.00 121.00 OK

Check Details

Version: 1.8.0
Check: installed package size
Result: NOTE installed size is 5.1Mb sub-directories of 1Mb or more: libs 4.0Mb Flavors: r-oldrel-macos-arm64, r-oldrel-macos-x86_64

mirror server hosted at Truenetwork, Russian Federation.