Last updated on 2025-11-04 11:52:41 CET.
| Flavor | Version | Tinstall | Tcheck | Ttotal | Status | Flags | 
|---|---|---|---|---|---|---|
| r-devel-linux-x86_64-debian-clang | 4.1.6 | 9.33 | 83.50 | 92.83 | NOTE | |
| r-devel-linux-x86_64-debian-gcc | 4.1.6 | 7.13 | 58.04 | 65.17 | NOTE | |
| r-devel-linux-x86_64-fedora-clang | 4.1.6 | 21.00 | 121.29 | 142.29 | NOTE | |
| r-devel-linux-x86_64-fedora-gcc | 4.1.6 | 23.00 | 110.50 | 133.50 | NOTE | |
| r-devel-windows-x86_64 | 4.1.6 | 10.00 | 109.00 | 119.00 | NOTE | |
| r-patched-linux-x86_64 | 4.1.6 | 9.79 | 78.04 | 87.83 | NOTE | |
| r-release-linux-x86_64 | 4.1.6 | 6.64 | 77.88 | 84.52 | NOTE | |
| r-release-macos-arm64 | 4.1.6 | 3.00 | 31.00 | 34.00 | NOTE | |
| r-release-macos-x86_64 | 4.1.6 | 7.00 | 59.00 | 66.00 | NOTE | |
| r-release-windows-x86_64 | 4.1.6 | 10.00 | 100.00 | 110.00 | NOTE | |
| r-oldrel-macos-arm64 | 4.1.6 | 4.00 | 31.00 | 35.00 | NOTE | |
| r-oldrel-macos-x86_64 | 4.1.6 | 14.00 | 117.00 | 131.00 | NOTE | |
| r-oldrel-windows-x86_64 | 4.1.6 | 16.00 | 127.00 | 143.00 | NOTE | 
Version: 4.1.6
Check: Rd files
Result: NOTE
  checkRd: (-1) histMisclassif.Rd:22: Lost braces
      22 | err_i = 1 - max_{k={1,\ldots,K}} P(Z_i=k|x_i)
         |                 ^
  checkRd: (-1) histMisclassif.Rd:22: Lost braces
      22 | err_i = 1 - max_{k={1,\ldots,K}} P(Z_i=k|x_i)
         |                    ^
Flavors: r-devel-linux-x86_64-debian-clang, r-devel-linux-x86_64-debian-gcc, r-devel-linux-x86_64-fedora-clang, r-devel-linux-x86_64-fedora-gcc, r-devel-windows-x86_64, r-patched-linux-x86_64, r-release-linux-x86_64, r-release-macos-arm64, r-release-macos-x86_64, r-release-windows-x86_64, r-oldrel-macos-arm64, r-oldrel-macos-x86_64, r-oldrel-windows-x86_64