Last updated on 2025-05-28 00:49:12 CEST.
Flavor | Version | Tinstall | Tcheck | Ttotal | Status | Flags |
---|---|---|---|---|---|---|
r-devel-linux-x86_64-debian-clang | 1.1.0 | 6.14 | 62.26 | 68.40 | NOTE | |
r-devel-linux-x86_64-debian-gcc | 1.1.0 | 3.76 | 45.34 | 49.10 | NOTE | |
r-devel-linux-x86_64-fedora-clang | 1.1.0 | 108.07 | OK | |||
r-devel-linux-x86_64-fedora-gcc | 1.1.0 | 122.90 | OK | |||
r-devel-windows-x86_64 | 1.1.0 | 7.00 | 89.00 | 96.00 | OK | |
r-patched-linux-x86_64 | 1.1.0 | 6.03 | 59.88 | 65.91 | OK | |
r-release-linux-x86_64 | 1.1.0 | 6.05 | 59.58 | 65.63 | OK | |
r-release-macos-arm64 | 1.1.0 | 48.00 | OK | |||
r-release-macos-x86_64 | 1.1.0 | 96.00 | OK | |||
r-release-windows-x86_64 | 1.1.0 | 7.00 | 88.00 | 95.00 | OK | |
r-oldrel-macos-arm64 | 1.1.0 | 44.00 | OK | |||
r-oldrel-macos-x86_64 | 1.1.0 | 80.00 | OK | |||
r-oldrel-windows-x86_64 | 1.1.0 | 9.00 | 106.00 | 115.00 | OK |
Version: 1.1.0
Check: CRAN incoming feasibility
Result: NOTE
Maintainer: ‘Jan Wijffels <jwijffels@bnosac.be>’
Package CITATION file contains call(s) to old-style personList() or
as.personList(). Please use c() on person objects instead.
Package CITATION file contains call(s) to old-style citEntry(). Please
use bibentry() instead.
Flavors: r-devel-linux-x86_64-debian-clang, r-devel-linux-x86_64-debian-gcc