CRAN Package Check Results for Package RImagePalette

Last updated on 2025-05-23 12:49:37 CEST.

Flavor Version Tinstall Tcheck Ttotal Status Flags
r-devel-linux-x86_64-debian-clang 0.1.1 4.66 43.90 48.56 NOTE
r-devel-linux-x86_64-debian-gcc 0.1.1 2.97 31.71 34.68 NOTE
r-devel-linux-x86_64-fedora-clang 0.1.1 76.12 OK
r-devel-linux-x86_64-fedora-gcc 0.1.1 69.74 OK
r-devel-windows-x86_64 0.1.1 7.00 59.00 66.00 OK
r-patched-linux-x86_64 0.1.1 4.54 39.83 44.37 OK
r-release-linux-x86_64 0.1.1 4.55 40.27 44.82 OK
r-release-macos-arm64 0.1.1 23.00 OK
r-release-macos-x86_64 0.1.1 39.00 OK
r-release-windows-x86_64 0.1.1 7.00 58.00 65.00 OK
r-oldrel-macos-arm64 0.1.1 24.00 NOTE
r-oldrel-macos-x86_64 0.1.1 41.00 NOTE
r-oldrel-windows-x86_64 0.1.1 8.00 71.00 79.00 NOTE

Check Details

Version: 0.1.1
Check: CRAN incoming feasibility
Result: NOTE Maintainer: ‘Joel Carlson <jnkcarlson@gmail.com>’ No Authors@R field in DESCRIPTION. Please add one, modifying Authors@R: person(given = "Joel", family = "Carlson", role = c("aut", "cre"), email = "jnkcarlson@gmail.com") as necessary. Flavors: r-devel-linux-x86_64-debian-clang, r-devel-linux-x86_64-debian-gcc

Version: 0.1.1
Check: LazyData
Result: NOTE 'LazyData' is specified without a 'data' directory Flavors: r-oldrel-macos-arm64, r-oldrel-macos-x86_64, r-oldrel-windows-x86_64

mirror server hosted at Truenetwork, Russian Federation.