Last updated on 2025-07-13 18:52:53 CEST.
Flavor | Version | Tinstall | Tcheck | Ttotal | Status | Flags |
---|---|---|---|---|---|---|
r-devel-linux-x86_64-debian-clang | 0.1 | 2.01 | 19.43 | 21.44 | NOTE | |
r-devel-linux-x86_64-debian-gcc | 0.1 | 1.65 | 15.72 | 17.37 | NOTE | |
r-devel-linux-x86_64-fedora-clang | 0.1 | 32.67 | NOTE | |||
r-devel-linux-x86_64-fedora-gcc | 0.1 | 31.24 | NOTE | |||
r-devel-windows-x86_64 | 0.1 | 3.00 | 42.00 | 45.00 | NOTE | |
r-patched-linux-x86_64 | 0.1 | 2.05 | 18.40 | 20.45 | NOTE | |
r-release-linux-x86_64 | 0.1 | 2.02 | 18.22 | 20.24 | NOTE | |
r-release-macos-arm64 | 0.1 | 13.00 | NOTE | |||
r-release-macos-x86_64 | 0.1 | 26.00 | NOTE | |||
r-release-windows-x86_64 | 0.1 | 3.00 | 42.00 | 45.00 | NOTE | |
r-oldrel-macos-arm64 | 0.1 | 14.00 | NOTE | |||
r-oldrel-macos-x86_64 | 0.1 | 22.00 | NOTE | |||
r-oldrel-windows-x86_64 | 0.1 | 3.00 | 42.00 | 45.00 | NOTE |
Version: 0.1
Check: CRAN incoming feasibility
Result: NOTE
Maintainer: ‘Felix Yanhui Fan <nolanfyh@gmail.com>’
No Authors@R field in DESCRIPTION.
Please add one, modifying
Authors@R: person(given = c("Felix", "Yanhui"),
family = "Fan",
role = c("aut", "cre"),
email = "nolanfyh@gmail.com")
as necessary.
Flavors: r-devel-linux-x86_64-debian-clang, r-devel-linux-x86_64-debian-gcc
Version: 0.1
Check: DESCRIPTION meta-information
Result: NOTE
Malformed Description field: should contain one or more complete sentences.
Flavors: r-devel-linux-x86_64-debian-clang, r-devel-linux-x86_64-debian-gcc, r-devel-linux-x86_64-fedora-clang, r-devel-linux-x86_64-fedora-gcc, r-devel-windows-x86_64, r-patched-linux-x86_64, r-release-linux-x86_64, r-release-macos-arm64, r-release-macos-x86_64, r-release-windows-x86_64, r-oldrel-macos-arm64, r-oldrel-macos-x86_64, r-oldrel-windows-x86_64