Last updated on 2025-11-04 11:52:40 CET.
| Flavor | Version | Tinstall | Tcheck | Ttotal | Status | Flags | 
|---|---|---|---|---|---|---|
| r-devel-linux-x86_64-debian-clang | 1.0 | 2.27 | 31.03 | 33.30 | NOTE | |
| r-devel-linux-x86_64-debian-gcc | 1.0 | 1.56 | 24.08 | 25.64 | NOTE | |
| r-devel-linux-x86_64-fedora-clang | 1.0 | 49.27 | OK | |||
| r-devel-linux-x86_64-fedora-gcc | 1.0 | 46.71 | OK | |||
| r-devel-windows-x86_64 | 1.0 | 3.00 | 51.00 | 54.00 | OK | |
| r-patched-linux-x86_64 | 1.0 | 2.69 | 28.94 | 31.63 | OK | |
| r-release-linux-x86_64 | 1.0 | 2.33 | 29.07 | 31.40 | OK | |
| r-release-macos-arm64 | 1.0 | 1.00 | 23.00 | 24.00 | OK | |
| r-release-macos-x86_64 | 1.0 | 2.00 | 32.00 | 34.00 | OK | |
| r-release-windows-x86_64 | 1.0 | 3.00 | 49.00 | 52.00 | OK | |
| r-oldrel-macos-arm64 | 1.0 | 1.00 | 21.00 | 22.00 | OK | |
| r-oldrel-macos-x86_64 | 1.0 | 2.00 | 29.00 | 31.00 | OK | |
| r-oldrel-windows-x86_64 | 1.0 | 5.00 | 59.00 | 64.00 | OK | 
Version: 1.0
Check: CRAN incoming feasibility
Result: NOTE
  Maintainer: ‘Yupeng He <yupeng.he.bioinfo@gmail.com>’
  
  No Authors@R field in DESCRIPTION.
  Please add one, modifying
    Authors@R: person(given = "Yupeng",
                      family = "He",
                      role = c("aut", "cre"),
                      email = "yupeng.he.bioinfo@gmail.com")
  as necessary.
Flavors: r-devel-linux-x86_64-debian-clang, r-devel-linux-x86_64-debian-gcc