Last updated on 2025-11-04 11:52:40 CET.
| Flavor | Version | Tinstall | Tcheck | Ttotal | Status | Flags | 
|---|---|---|---|---|---|---|
| r-devel-linux-x86_64-debian-clang | 1.3 | 6.79 | 61.40 | 68.19 | NOTE | |
| r-devel-linux-x86_64-debian-gcc | 1.3 | 5.91 | 44.04 | 49.95 | NOTE | |
| r-devel-linux-x86_64-fedora-clang | 1.3 | 14.00 | 91.87 | 105.87 | OK | |
| r-devel-linux-x86_64-fedora-gcc | 1.3 | 14.00 | 83.75 | 97.75 | OK | |
| r-devel-windows-x86_64 | 1.3 | 9.00 | 69.00 | 78.00 | OK | |
| r-patched-linux-x86_64 | 1.3 | 6.52 | 57.34 | 63.86 | OK | |
| r-release-linux-x86_64 | 1.3 | 6.88 | 57.91 | 64.79 | OK | |
| r-release-macos-arm64 | 1.3 | 3.00 | 24.00 | 27.00 | OK | |
| r-release-macos-x86_64 | 1.3 | 5.00 | 43.00 | 48.00 | OK | |
| r-release-windows-x86_64 | 1.3 | 9.00 | 67.00 | 76.00 | OK | |
| r-oldrel-macos-arm64 | 1.3 | 3.00 | 24.00 | 27.00 | OK | |
| r-oldrel-macos-x86_64 | 1.3 | 4.00 | 36.00 | 40.00 | OK | |
| r-oldrel-windows-x86_64 | 1.3 | 12.00 | 86.00 | 98.00 | OK | 
Version: 1.3
Check: CRAN incoming feasibility
Result: NOTE
  Maintainer: ‘Hasan BULUT <hasan.bulut@omu.edu.tr>’
  
  No Authors@R field in DESCRIPTION.
  Please add one, modifying
    Authors@R: person(given = "Hasan",
                      family = "BULUT",
                      role = c("aut", "cre"),
                      email = "hasan.bulut@omu.edu.tr")
  as necessary.
Flavors: r-devel-linux-x86_64-debian-clang, r-devel-linux-x86_64-debian-gcc