Last updated on 2025-11-03 23:50:29 CET.
| Flavor | Version | Tinstall | Tcheck | Ttotal | Status | Flags | 
|---|---|---|---|---|---|---|
| r-devel-linux-x86_64-debian-clang | 0.6.10 | 82.20 | 57.77 | 139.97 | OK | |
| r-devel-linux-x86_64-debian-gcc | 0.6.10 | 67.33 | 41.78 | 109.11 | OK | |
| r-devel-linux-x86_64-fedora-clang | 0.6.10 | 182.00 | 83.89 | 265.89 | OK | |
| r-devel-linux-x86_64-fedora-gcc | 0.6.10 | 177.00 | 78.10 | 255.10 | OK | |
| r-devel-windows-x86_64 | 0.6.10 | 118.00 | 102.00 | 220.00 | OK | |
| r-patched-linux-x86_64 | 0.6.10 | 83.54 | 53.09 | 136.63 | OK | |
| r-release-linux-x86_64 | 0.6.10 | 84.38 | 53.19 | 137.57 | OK | |
| r-release-macos-arm64 | 0.6.10 | 40.00 | 28.00 | 68.00 | OK | |
| r-release-macos-x86_64 | 0.6.10 | 31.00 | 48.00 | 79.00 | OK | |
| r-release-windows-x86_64 | 0.6.10 | 117.00 | 99.00 | 216.00 | OK | |
| r-oldrel-macos-arm64 | 0.6.10 | 37.00 | 34.00 | 71.00 | NOTE | |
| r-oldrel-macos-x86_64 | 0.6.10 | 42.00 | 57.00 | 99.00 | NOTE | |
| r-oldrel-windows-x86_64 | 0.6.10 | 151.00 | 124.00 | 275.00 | OK | 
Version: 0.6.10
Check: installed package size
Result: NOTE
    installed size is 13.6Mb
    sub-directories of 1Mb or more:
      libs  13.3Mb
Flavors: r-oldrel-macos-arm64, r-oldrel-macos-x86_64