Last updated on 2025-11-04 05:51:22 CET.
| Flavor | Version | Tinstall | Tcheck | Ttotal | Status | Flags | 
|---|---|---|---|---|---|---|
| r-devel-linux-x86_64-debian-clang | 1.2 | 7.34 | 66.87 | 74.21 | NOTE | |
| r-devel-linux-x86_64-debian-gcc | 1.2 | 4.54 | 49.55 | 54.09 | NOTE | |
| r-devel-linux-x86_64-fedora-clang | 1.2 | 16.00 | 100.42 | 116.42 | OK | |
| r-devel-linux-x86_64-fedora-gcc | 1.2 | 17.00 | 109.60 | 126.60 | OK | |
| r-devel-windows-x86_64 | 1.2 | 8.00 | 79.00 | 87.00 | OK | |
| r-patched-linux-x86_64 | 1.2 | 5.54 | 61.67 | 67.21 | OK | |
| r-release-linux-x86_64 | 1.2 | 6.13 | 62.16 | 68.29 | OK | |
| r-release-macos-arm64 | 1.2 | 3.00 | 38.00 | 41.00 | OK | |
| r-release-macos-x86_64 | 1.2 | 5.00 | 74.00 | 79.00 | OK | |
| r-release-windows-x86_64 | 1.2 | 7.00 | 76.00 | 83.00 | OK | |
| r-oldrel-macos-arm64 | 1.2 | 3.00 | 34.00 | 37.00 | OK | |
| r-oldrel-macos-x86_64 | 1.2 | 4.00 | 51.00 | 55.00 | OK | |
| r-oldrel-windows-x86_64 | 1.2 | 12.00 | 99.00 | 111.00 | OK | 
Version: 1.2
Check: CRAN incoming feasibility
Result: NOTE
  Maintainer: ‘Isidoro Garcia-Urquieta <isidoro.gu@gmail.com>’
  
  The Description field contains
    <arXiv:1607.00698>.
  Please refer to arXiv e-prints via their arXiv DOI <doi:10.48550/arXiv.YYMM.NNNNN>.
Flavors: r-devel-linux-x86_64-debian-clang, r-devel-linux-x86_64-debian-gcc