Last updated on 2025-11-04 05:51:22 CET.
| Flavor | Version | Tinstall | Tcheck | Ttotal | Status | Flags | 
|---|---|---|---|---|---|---|
| r-devel-linux-x86_64-debian-clang | 0.2.8 | 51.81 | 372.64 | 424.45 | OK | |
| r-devel-linux-x86_64-debian-gcc | 0.2.8 | 36.28 | 274.35 | 310.63 | OK | |
| r-devel-linux-x86_64-fedora-clang | 0.2.8 | 208.00 | 493.32 | 701.32 | OK | |
| r-devel-linux-x86_64-fedora-gcc | 0.2.8 | 127.00 | 529.43 | 656.43 | OK | |
| r-devel-windows-x86_64 | 0.2.8 | 49.00 | 327.00 | 376.00 | OK | |
| r-patched-linux-x86_64 | 0.2.8 | 0.41 | 2.16 | 2.57 | ERROR | |
| r-release-linux-x86_64 | 0.2.8 | 43.88 | 356.35 | 400.23 | OK | |
| r-release-macos-arm64 | 0.2.8 | 22.00 | 167.00 | 189.00 | OK | |
| r-release-macos-x86_64 | 0.2.8 | 51.00 | 337.00 | 388.00 | OK | |
| r-release-windows-x86_64 | 0.2.8 | 47.00 | 326.00 | 373.00 | OK | |
| r-oldrel-macos-arm64 | 0.2.8 | 26.00 | 249.00 | 275.00 | NOTE | |
| r-oldrel-macos-x86_64 | 0.2.8 | 59.00 | 319.00 | 378.00 | OK | |
| r-oldrel-windows-x86_64 | 0.2.8 | 65.00 | 443.00 | 508.00 | OK | 
Version: 0.2.8
Check: package dependencies
Result: ERROR
  Packages required but not available:
    'SummarizedExperiment', 'DESeq2', 'GEOquery'
  
  Package suggested but not available for checking: ‘oligo’
  
  See section ‘The DESCRIPTION file’ in the ‘Writing R Extensions’
  manual.
Flavor: r-patched-linux-x86_64
Version: 0.2.8
Check: package dependencies
Result: NOTE
  Package suggested but not available for checking: ‘hgu133plus2.db’
Flavor: r-oldrel-macos-arm64