Last updated on 2025-11-03 23:50:29 CET.
| Flavor | Version | Tinstall | Tcheck | Ttotal | Status | Flags | 
|---|---|---|---|---|---|---|
| r-devel-linux-x86_64-debian-clang | 2.0 | 2.85 | 28.33 | 31.18 | NOTE | |
| r-devel-linux-x86_64-debian-gcc | 2.0 | 1.95 | 22.21 | 24.16 | NOTE | |
| r-devel-linux-x86_64-fedora-clang | 2.0 | 48.58 | OK | |||
| r-devel-linux-x86_64-fedora-gcc | 2.0 | 45.21 | OK | |||
| r-devel-windows-x86_64 | 2.0 | 5.00 | 46.00 | 51.00 | OK | |
| r-patched-linux-x86_64 | 2.0 | 2.87 | 27.10 | 29.97 | OK | |
| r-release-linux-x86_64 | 2.0 | 2.71 | 27.05 | 29.76 | OK | |
| r-release-macos-arm64 | 2.0 | 2.00 | 19.00 | 21.00 | OK | |
| r-release-macos-x86_64 | 2.0 | 2.00 | 27.00 | 29.00 | OK | |
| r-release-windows-x86_64 | 2.0 | 4.00 | 42.00 | 46.00 | OK | |
| r-oldrel-macos-arm64 | 2.0 | 1.00 | 18.00 | 19.00 | OK | |
| r-oldrel-macos-x86_64 | 2.0 | 3.00 | 25.00 | 28.00 | OK | |
| r-oldrel-windows-x86_64 | 2.0 | 5.00 | 52.00 | 57.00 | OK | 
Version: 2.0
Check: CRAN incoming feasibility
Result: NOTE
  Maintainer: ‘Amir Goldberg <amirgo@stanford.edu>’
  
  No Authors@R field in DESCRIPTION.
  Please add one, modifying
    Authors@R: c(person(given = "Amir",
                        family = "Goldberg",
                        role = c("aut", "cre"),
                        email = "amirgo@stanford.edu"),
                 person(given = c("Sarah", "K."),
                        family = "Stein",
                        role = "aut"))
  as necessary.
Flavors: r-devel-linux-x86_64-debian-clang, r-devel-linux-x86_64-debian-gcc