Last updated on 2025-05-22 00:50:04 CEST.
Flavor | Version | Tinstall | Tcheck | Ttotal | Status | Flags |
---|---|---|---|---|---|---|
r-devel-linux-x86_64-debian-clang | 1.3 | 9.00 | 83.81 | 92.81 | OK | |
r-devel-linux-x86_64-debian-gcc | 1.3 | 7.23 | 59.84 | 67.07 | ERROR | |
r-devel-linux-x86_64-fedora-clang | 1.3 | 150.26 | OK | |||
r-devel-linux-x86_64-fedora-gcc | 1.3 | 140.71 | OK | |||
r-devel-windows-x86_64 | 1.3 | 11.00 | 85.00 | 96.00 | OK | |
r-patched-linux-x86_64 | 1.3 | 9.64 | 78.16 | 87.80 | OK | |
r-release-linux-x86_64 | 1.3 | 9.49 | 78.75 | 88.24 | OK | |
r-release-macos-arm64 | 1.3 | 37.00 | OK | |||
r-release-macos-x86_64 | 1.3 | 88.00 | OK | |||
r-release-windows-x86_64 | 1.3 | 11.00 | 88.00 | 99.00 | OK | |
r-oldrel-macos-arm64 | 1.3 | 46.00 | OK | |||
r-oldrel-macos-x86_64 | 1.3 | 90.00 | OK | |||
r-oldrel-windows-x86_64 | 1.3 | 15.00 | 108.00 | 123.00 | OK |
Version: 1.3
Check: tests
Result: ERROR
Running ‘run-all.R’ [3s/4s]
Running the tests in ‘tests/run-all.R’ failed.
Complete output:
> library(testthat)
> library(mlr)
Loading required package: ParamHelpers
>
> test_check("RBPcurve")
Loading required package: RBPcurve
[ FAIL 1 | WARN 0 | SKIP 0 | PASS 11 ]
══ Failed tests ════════════════════════════════════════════════════════════════
── Error ('test_add.R:18:9'): add_functions ────────────────────────────────────
Error in `rect(y1, x1, y2, x2, ...)`: invalid graphics state
Backtrace:
▆
1. └─RBPcurve (local) checkAdd(fun = k, obj = obj, plot.values = i, show.info = j) at test_add.R:18:9
2. ├─base::do.call(fun, fun.arg) at test_add.R:9:3
3. └─RBPcurve::addWellCalib(obj = `<RBPObj>`, plot.values = TRUE)
4. ├─TeachingDemos::subplot(...)
5. ├─base::do.call(...)
6. ├─graphics::barplot(...)
7. └─graphics::barplot.default(...)
8. └─graphics (local) xyrect(...)
9. └─graphics::rect(y1, x1, y2, x2, ...)
[ FAIL 1 | WARN 0 | SKIP 0 | PASS 11 ]
Error: Test failures
Execution halted
Flavor: r-devel-linux-x86_64-debian-gcc