Last updated on 2025-11-04 05:51:21 CET.
| Flavor | Version | Tinstall | Tcheck | Ttotal | Status | Flags | 
|---|---|---|---|---|---|---|
| r-devel-linux-x86_64-debian-clang | 3.2-4 | 4.10 | 43.97 | 48.07 | NOTE | |
| r-devel-linux-x86_64-debian-gcc | 3.2-4 | 2.51 | 33.82 | 36.33 | NOTE | |
| r-devel-linux-x86_64-fedora-clang | 3.2-4 | 11.00 | 60.19 | 71.19 | OK | |
| r-devel-linux-x86_64-fedora-gcc | 3.2-4 | 79.78 | OK | |||
| r-devel-windows-x86_64 | 3.2-4 | 4.00 | 79.00 | 83.00 | OK | |
| r-patched-linux-x86_64 | 3.2-4 | 3.98 | 42.49 | 46.47 | NOTE | |
| r-release-linux-x86_64 | 3.2-4 | 3.73 | 42.47 | 46.20 | NOTE | |
| r-release-macos-arm64 | 3.2-4 | 2.00 | 84.00 | 86.00 | OK | |
| r-release-macos-x86_64 | 3.2-4 | 3.00 | 103.00 | 106.00 | OK | |
| r-release-windows-x86_64 | 3.2-4 | 6.00 | 73.00 | 79.00 | OK | |
| r-oldrel-macos-arm64 | 3.2-4 | 2.00 | 74.00 | 76.00 | OK | |
| r-oldrel-macos-x86_64 | 3.2-4 | 3.00 | 101.00 | 104.00 | OK | |
| r-oldrel-windows-x86_64 | 3.2-4 | 5.00 | 90.00 | 95.00 | OK | 
Version: 3.2-4
Check: R code for possible problems
Result: NOTE
  Found the following calls to attach():
  File ‘R2OpenBUGS/R/attach.all.R’:
    attach(x, name = name)
  See section ‘Good practice’ in ‘?attach’.
Flavors: r-devel-linux-x86_64-debian-clang, r-devel-linux-x86_64-debian-gcc, r-patched-linux-x86_64, r-release-linux-x86_64