Last updated on 2025-02-22 11:51:39 CET.
Flavor | Version | Tinstall | Tcheck | Ttotal | Status | Flags |
---|---|---|---|---|---|---|
r-devel-linux-x86_64-debian-clang | 0.8-9 | 53.51 | 167.35 | 220.86 | NOTE | |
r-devel-linux-x86_64-debian-gcc | 0.8-9 | 34.68 | 105.47 | 140.15 | NOTE | |
r-devel-linux-x86_64-fedora-clang | 0.8-9 | 355.43 | OK | |||
r-devel-linux-x86_64-fedora-gcc | 0.8-9 | 341.28 | OK | |||
r-devel-macos-arm64 | 0.8-9 | 85.00 | OK | |||
r-devel-macos-x86_64 | 0.8-9 | 179.00 | OK | |||
r-devel-windows-x86_64 | 0.8-9 | 49.00 | 159.00 | 208.00 | NOTE | |
r-patched-linux-x86_64 | 0.8-9 | 66.11 | 148.45 | 214.56 | OK | |
r-release-linux-x86_64 | 0.8-9 | 47.52 | 150.66 | 198.18 | OK | |
r-release-macos-arm64 | 0.8-9 | 80.00 | OK | |||
r-release-macos-x86_64 | 0.8-9 | 135.00 | OK | |||
r-release-windows-x86_64 | 0.8-9 | 50.00 | 155.00 | 205.00 | OK | |
r-oldrel-macos-arm64 | 0.8-9 | 87.00 | OK | |||
r-oldrel-macos-x86_64 | 0.8-9 | 186.00 | OK | |||
r-oldrel-windows-x86_64 | 0.8-9 | 70.00 | 201.00 | 271.00 | OK |
Version: 0.8-9
Check: Rd cross-references
Result: NOTE
Found the following Rd file(s) with Rd \link{} targets missing package
anchors:
runMLwiN.Rd: mcmc.list
sixway.Rd: mcmc, mcmc.list
Please provide package anchors for all Rd \link{} targets not in the
package itself and the base packages.
Flavors: r-devel-linux-x86_64-debian-clang, r-devel-linux-x86_64-debian-gcc, r-devel-windows-x86_64