Last updated on 2025-11-04 05:51:21 CET.
| Flavor | Version | Tinstall | Tcheck | Ttotal | Status | Flags | 
|---|---|---|---|---|---|---|
| r-devel-linux-x86_64-debian-clang | 0.2 | 3.73 | 34.63 | 38.36 | NOTE | |
| r-devel-linux-x86_64-debian-gcc | 0.2 | 2.82 | 25.88 | 28.70 | NOTE | |
| r-devel-linux-x86_64-fedora-clang | 0.2 | 60.13 | OK | |||
| r-devel-linux-x86_64-fedora-gcc | 0.2 | 53.72 | OK | |||
| r-devel-windows-x86_64 | 0.2 | 6.00 | 54.00 | 60.00 | OK | |
| r-patched-linux-x86_64 | 0.2 | 3.63 | 32.35 | 35.98 | OK | |
| r-release-linux-x86_64 | 0.2 | 3.66 | 32.61 | 36.27 | OK | |
| r-release-macos-arm64 | 0.2 | 2.00 | 19.00 | 21.00 | OK | |
| r-release-macos-x86_64 | 0.2 | 3.00 | 61.00 | 64.00 | OK | |
| r-release-windows-x86_64 | 0.2 | 6.00 | 56.00 | 62.00 | OK | |
| r-oldrel-macos-arm64 | 0.2 | 2.00 | 16.00 | 18.00 | NOTE | |
| r-oldrel-macos-x86_64 | 0.2 | 3.00 | 25.00 | 28.00 | NOTE | |
| r-oldrel-windows-x86_64 | 0.2 | 7.00 | 63.00 | 70.00 | NOTE | 
Version: 0.2
Check: CRAN incoming feasibility
Result: NOTE
  Maintainer: ‘Robin Van Oirbeek <robin.vanoirbeek@gmail.com>’
  
  No Authors@R field in DESCRIPTION.
  Please add one, modifying
    Authors@R: person(given = "Robin",
                      family = "Van Oirbeek",
                      role = c("aut", "cre"),
                      email = "robin.vanoirbeek@gmail.com")
  as necessary.
Flavors: r-devel-linux-x86_64-debian-clang, r-devel-linux-x86_64-debian-gcc
Version: 0.2
Check: LazyData
Result: NOTE
    'LazyData' is specified without a 'data' directory
Flavors: r-oldrel-macos-arm64, r-oldrel-macos-x86_64, r-oldrel-windows-x86_64