Last updated on 2025-11-03 11:49:50 CET.
| Flavor | Version | Tinstall | Tcheck | Ttotal | Status | Flags |
|---|---|---|---|---|---|---|
| r-devel-linux-x86_64-debian-clang | 1.0.1 | 123.56 | 135.16 | 258.72 | OK | |
| r-devel-linux-x86_64-debian-gcc | 1.0.1 | 123.45 | 107.43 | 230.88 | OK | |
| r-devel-linux-x86_64-fedora-clang | 1.0.1 | 277.00 | 152.93 | 429.93 | OK | |
| r-devel-linux-x86_64-fedora-gcc | 1.0.1 | 472.00 | 41.61 | 513.61 | OK | |
| r-devel-windows-x86_64 | 1.0.1 | 149.00 | 170.00 | 319.00 | OK | |
| r-patched-linux-x86_64 | 1.0.1 | 153.69 | 143.94 | 297.63 | OK | |
| r-release-linux-x86_64 | 1.0.1 | 154.67 | 144.41 | 299.08 | OK | |
| r-release-macos-arm64 | 1.0.1 | 53.00 | 54.00 | 107.00 | OK | |
| r-release-macos-x86_64 | 1.0.1 | 132.00 | 79.00 | 211.00 | OK | |
| r-release-windows-x86_64 | 1.0.1 | 157.00 | 168.00 | 325.00 | OK | |
| r-oldrel-macos-arm64 | 1.0.1 | 61.00 | 54.00 | 115.00 | NOTE | |
| r-oldrel-macos-x86_64 | 1.0.1 | 110.00 | 83.00 | 193.00 | NOTE | |
| r-oldrel-windows-x86_64 | 1.0.1 | 177.00 | 218.00 | 395.00 | NOTE |
Version: 1.0.1
Check: installed package size
Result: NOTE
installed size is 44.2Mb
sub-directories of 1Mb or more:
libs 43.9Mb
Flavors: r-oldrel-macos-arm64, r-oldrel-macos-x86_64
Version: 1.0.1
Check: for GNU extensions in Makefiles
Result: NOTE
GNU make is a SystemRequirements.
Flavors: r-oldrel-macos-arm64, r-oldrel-macos-x86_64, r-oldrel-windows-x86_64