Last updated on 2025-11-04 11:52:39 CET.
| Flavor | Version | Tinstall | Tcheck | Ttotal | Status | Flags | 
|---|---|---|---|---|---|---|
| r-devel-linux-x86_64-debian-clang | 1.8.1 | 83.32 | 26.01 | 109.33 | OK | |
| r-devel-linux-x86_64-debian-gcc | 1.8.1 | 62.67 | 21.86 | 84.53 | OK | |
| r-devel-linux-x86_64-fedora-clang | 1.8.1 | 214.00 | -24.16 | 189.84 | OK | |
| r-devel-linux-x86_64-fedora-gcc | 1.8.1 | 229.00 | -4.69 | 224.31 | OK | |
| r-devel-windows-x86_64 | 1.8.1 | 117.00 | 60.00 | 177.00 | OK | |
| r-patched-linux-x86_64 | 1.8.1 | 89.40 | 23.42 | 112.82 | OK | |
| r-release-linux-x86_64 | 1.8.1 | 88.49 | 23.70 | 112.19 | OK | |
| r-release-macos-arm64 | 1.8.1 | 51.00 | 84.00 | 135.00 | OK | |
| r-release-macos-x86_64 | 1.8.1 | 111.00 | 100.00 | 211.00 | OK | |
| r-release-windows-x86_64 | 1.8.1 | 123.00 | 58.00 | 181.00 | OK | |
| r-oldrel-macos-arm64 | 1.8.1 | 51.00 | 93.00 | 144.00 | NOTE | |
| r-oldrel-macos-x86_64 | 1.8.1 | 90.00 | 103.00 | 193.00 | NOTE | |
| r-oldrel-windows-x86_64 | 1.8.1 | 126.00 | 69.00 | 195.00 | NOTE | 
Version: 1.8.1
Check: installed package size
Result: NOTE
    installed size is  7.5Mb
    sub-directories of 1Mb or more:
      libs   7.1Mb
Flavors: r-oldrel-macos-arm64, r-oldrel-macos-x86_64
Version: 1.8.1
Check: for GNU extensions in Makefiles
Result: NOTE
  GNU make is a SystemRequirements.
Flavors: r-oldrel-macos-arm64, r-oldrel-macos-x86_64, r-oldrel-windows-x86_64