CRAN Package Check Results for Package QWDAP

Last updated on 2025-11-03 11:49:50 CET.

Flavor Version Tinstall Tcheck Ttotal Status Flags
r-devel-linux-x86_64-debian-clang 1.1.20 41.36 36.25 77.61 OK
r-devel-linux-x86_64-debian-gcc 1.1.20 31.72 29.84 61.56 OK
r-devel-linux-x86_64-fedora-clang 1.1.20 64.00 68.60 132.60 OK
r-devel-linux-x86_64-fedora-gcc 1.1.20 108.00 32.58 140.58 OK
r-devel-windows-x86_64 1.1.20 47.00 69.00 116.00 OK
r-patched-linux-x86_64 1.1.20 44.01 37.47 81.48 OK
r-release-linux-x86_64 1.1.20 43.85 37.63 81.48 OK
r-release-macos-arm64 1.1.20 19.00 21.00 40.00 OK
r-release-macos-x86_64 1.1.20 34.00 33.00 67.00 OK
r-release-windows-x86_64 1.1.20 48.00 68.00 116.00 OK
r-oldrel-macos-arm64 1.1.20 18.00 21.00 39.00 NOTE
r-oldrel-macos-x86_64 1.1.20 37.00 31.00 68.00 NOTE
r-oldrel-windows-x86_64 1.1.20 57.00 87.00 144.00 OK

Check Details

Version: 1.1.20
Check: installed package size
Result: NOTE installed size is 15.3Mb sub-directories of 1Mb or more: extra 1.4Mb libs 13.1Mb Flavors: r-oldrel-macos-arm64, r-oldrel-macos-x86_64

mirror server hosted at Truenetwork, Russian Federation.