CRAN Package Check Results for Package QFRM

Last updated on 2025-07-14 00:48:33 CEST.

Flavor Version Tinstall Tcheck Ttotal Status Flags
r-devel-linux-x86_64-debian-clang 1.0.1 5.84 37.06 42.90 OK
r-devel-linux-x86_64-debian-gcc 1.0.1 3.77 27.21 30.98 OK
r-devel-linux-x86_64-fedora-clang 1.0.1 66.27 OK
r-devel-linux-x86_64-fedora-gcc 1.0.1 63.76 OK
r-devel-windows-x86_64 1.0.1 6.00 62.00 68.00 OK
r-patched-linux-x86_64 1.0.1 6.11 35.30 41.41 OK
r-release-linux-x86_64 1.0.1 5.16 34.66 39.82 OK
r-release-macos-arm64 1.0.1 31.00 OK
r-release-macos-x86_64 1.0.1 59.00 OK
r-release-windows-x86_64 1.0.1 7.00 65.00 72.00 OK
r-oldrel-macos-arm64 1.0.1 24.00 NOTE
r-oldrel-macos-x86_64 1.0.1 50.00 NOTE
r-oldrel-windows-x86_64 1.0.1 6.00 62.00 68.00 NOTE

Check Details

Version: 1.0.1
Check: LazyData
Result: NOTE 'LazyData' is specified without a 'data' directory Flavors: r-oldrel-macos-arm64, r-oldrel-macos-x86_64, r-oldrel-windows-x86_64

mirror server hosted at Truenetwork, Russian Federation.