Last updated on 2025-07-12 18:49:49 CEST.
Flavor | Version | Tinstall | Tcheck | Ttotal | Status | Flags |
---|---|---|---|---|---|---|
r-devel-linux-x86_64-debian-clang | 0.1.7 | 2.72 | 30.12 | 32.84 | OK | |
r-devel-linux-x86_64-debian-gcc | 0.1.7 | 2.20 | 23.90 | 26.10 | OK | |
r-devel-linux-x86_64-fedora-clang | 0.1.7 | 51.30 | OK | |||
r-devel-linux-x86_64-fedora-gcc | 0.1.7 | 62.75 | OK | |||
r-devel-windows-x86_64 | 0.1.7 | 5.00 | 48.00 | 53.00 | OK | |
r-patched-linux-x86_64 | 0.1.7 | 2.82 | 27.86 | 30.68 | OK | |
r-release-linux-x86_64 | 0.1.7 | 2.58 | 28.27 | 30.85 | OK | |
r-release-macos-arm64 | 0.1.7 | 33.00 | OK | |||
r-release-macos-x86_64 | 0.1.7 | 89.00 | OK | |||
r-release-windows-x86_64 | 0.1.7 | 4.00 | 49.00 | 53.00 | OK | |
r-oldrel-macos-arm64 | 0.1.7 | 22.00 | NOTE | |||
r-oldrel-macos-x86_64 | 0.1.7 | 36.00 | NOTE | |||
r-oldrel-windows-x86_64 | 0.1.7 | 6.00 | 56.00 | 62.00 | NOTE |
Version: 0.1.7
Check: LazyData
Result: NOTE
'LazyData' is specified without a 'data' directory
Flavors: r-oldrel-macos-arm64, r-oldrel-macos-x86_64, r-oldrel-windows-x86_64