CRAN Package Check Results for Package PubMedMining

Last updated on 2025-11-04 11:52:39 CET.

Flavor Version Tinstall Tcheck Ttotal Status Flags
r-devel-linux-x86_64-debian-clang 1.0.0 1.66 21.92 23.58 OK
r-devel-linux-x86_64-debian-gcc 1.0.0 1.35 18.38 19.73 OK
r-devel-linux-x86_64-fedora-clang 1.0.0 36.88 OK
r-devel-linux-x86_64-fedora-gcc 1.0.0 48.83 OK
r-devel-windows-x86_64 1.0.0 4.00 50.00 54.00 OK
r-patched-linux-x86_64 1.0.0 1.71 20.71 22.42 OK
r-release-linux-x86_64 1.0.0 1.53 20.99 22.52 OK
r-release-macos-arm64 1.0.0 1.00 33.00 34.00 OK
r-release-macos-x86_64 1.0.0 2.00 59.00 61.00 OK
r-release-windows-x86_64 1.0.0 3.00 40.00 43.00 OK
r-oldrel-macos-arm64 1.0.0 1.00 25.00 26.00 NOTE
r-oldrel-macos-x86_64 1.0.0 1.00 31.00 32.00 NOTE
r-oldrel-windows-x86_64 1.0.0 3.00 46.00 49.00 NOTE

Check Details

Version: 1.0.0
Check: LazyData
Result: NOTE 'LazyData' is specified without a 'data' directory Flavors: r-oldrel-macos-arm64, r-oldrel-macos-x86_64, r-oldrel-windows-x86_64

mirror server hosted at Truenetwork, Russian Federation.