Last updated on 2025-11-04 11:52:39 CET.
| Flavor | Version | Tinstall | Tcheck | Ttotal | Status | Flags | 
|---|---|---|---|---|---|---|
| r-devel-linux-x86_64-debian-clang | 1.0.0 | 2.60 | 30.32 | 32.92 | NOTE | |
| r-devel-linux-x86_64-debian-gcc | 1.0.0 | 2.17 | 24.00 | 26.17 | NOTE | |
| r-devel-linux-x86_64-fedora-clang | 1.0.0 | 48.22 | OK | |||
| r-devel-linux-x86_64-fedora-gcc | 1.0.0 | 46.17 | OK | |||
| r-devel-windows-x86_64 | 1.0.0 | 5.00 | 57.00 | 62.00 | OK | |
| r-patched-linux-x86_64 | 1.0.0 | 3.09 | 27.29 | 30.38 | OK | |
| r-release-linux-x86_64 | 1.0.0 | 2.78 | 27.57 | 30.35 | OK | |
| r-release-macos-arm64 | 1.0.0 | 2.00 | 18.00 | 20.00 | OK | |
| r-release-macos-x86_64 | 1.0.0 | 4.00 | 35.00 | 39.00 | OK | |
| r-release-windows-x86_64 | 1.0.0 | 5.00 | 45.00 | 50.00 | OK | |
| r-oldrel-macos-arm64 | 1.0.0 | 1.00 | 18.00 | 19.00 | OK | |
| r-oldrel-macos-x86_64 | 1.0.0 | 3.00 | 37.00 | 40.00 | OK | |
| r-oldrel-windows-x86_64 | 1.0.0 | 5.00 | 54.00 | 59.00 | OK | 
Version: 1.0.0
Check: CRAN incoming feasibility
Result: NOTE
  Maintainer: ‘Arthur Leroy <arthur.leroy.pro@gmail.com>’
  
  The Description field contains
    <arXiv:2307.08975>.
  Please refer to arXiv e-prints via their arXiv DOI <doi:10.48550/arXiv.YYMM.NNNNN>.
Flavors: r-devel-linux-x86_64-debian-clang, r-devel-linux-x86_64-debian-gcc