Last updated on 2025-11-04 11:52:39 CET.
| Flavor | Version | Tinstall | Tcheck | Ttotal | Status | Flags | 
|---|---|---|---|---|---|---|
| r-devel-linux-x86_64-debian-clang | 0.3.2 | 27.48 | 79.63 | 107.11 | NOTE | |
| r-devel-linux-x86_64-debian-gcc | 0.3.2 | 21.14 | 58.37 | 79.51 | NOTE | |
| r-devel-linux-x86_64-fedora-clang | 0.3.2 | 79.00 | 88.68 | 167.68 | NOTE | |
| r-devel-linux-x86_64-fedora-gcc | 0.3.2 | 74.00 | 94.70 | 168.70 | NOTE | |
| r-devel-windows-x86_64 | 0.3.2 | 35.00 | 107.00 | 142.00 | NOTE | |
| r-patched-linux-x86_64 | 0.3.2 | 30.81 | 74.91 | 105.72 | NOTE | |
| r-release-linux-x86_64 | 0.3.2 | 29.06 | 74.88 | 103.94 | NOTE | |
| r-release-macos-arm64 | 0.3.2 | 12.00 | 36.00 | 48.00 | NOTE | |
| r-release-macos-x86_64 | 0.3.2 | 19.00 | 63.00 | 82.00 | NOTE | |
| r-release-windows-x86_64 | 0.3.2 | 35.00 | 101.00 | 136.00 | NOTE | |
| r-oldrel-macos-arm64 | 0.3.2 | 14.00 | 34.00 | 48.00 | NOTE | |
| r-oldrel-macos-x86_64 | 0.3.2 | 17.00 | 50.00 | 67.00 | NOTE | |
| r-oldrel-windows-x86_64 | 0.3.2 | 42.00 | 132.00 | 174.00 | NOTE | 
Version: 0.3.2
Check: Rd files
Result: NOTE
  checkRd: (-1) proc.Rd:27: Lost braces in \itemize; meant \describe ?
  checkRd: (-1) proc.Rd:28: Lost braces in \itemize; meant \describe ?
Flavors: r-devel-linux-x86_64-debian-clang, r-devel-linux-x86_64-debian-gcc, r-devel-linux-x86_64-fedora-clang, r-devel-linux-x86_64-fedora-gcc, r-devel-windows-x86_64, r-patched-linux-x86_64, r-release-linux-x86_64, r-release-macos-arm64, r-release-macos-x86_64, r-release-windows-x86_64, r-oldrel-macos-arm64, r-oldrel-macos-x86_64, r-oldrel-windows-x86_64