Last updated on 2025-11-04 11:52:39 CET.
| Flavor | Version | Tinstall | Tcheck | Ttotal | Status | Flags | 
|---|---|---|---|---|---|---|
| r-devel-linux-x86_64-debian-clang | 1.1-0.1 | 2.78 | 32.92 | 35.70 | NOTE | |
| r-devel-linux-x86_64-debian-gcc | 1.1-0.1 | 2.55 | 23.74 | 26.29 | NOTE | |
| r-devel-linux-x86_64-fedora-clang | 1.1-0.1 | 56.03 | OK | |||
| r-devel-linux-x86_64-fedora-gcc | 1.1-0.1 | 54.46 | OK | |||
| r-devel-windows-x86_64 | 1.1-0.1 | 5.00 | 48.00 | 53.00 | OK | |
| r-patched-linux-x86_64 | 1.1-0.1 | 3.25 | 30.88 | 34.13 | OK | |
| r-release-linux-x86_64 | 1.1-0.1 | 2.76 | 31.15 | 33.91 | OK | |
| r-release-macos-arm64 | 1.1-0.1 | 2.00 | 18.00 | 20.00 | OK | |
| r-release-macos-x86_64 | 1.1-0.1 | 3.00 | 29.00 | 32.00 | OK | |
| r-release-windows-x86_64 | 1.1-0.1 | 3.00 | 48.00 | 51.00 | OK | |
| r-oldrel-macos-arm64 | 1.1-0.1 | 2.00 | 21.00 | 23.00 | OK | |
| r-oldrel-macos-x86_64 | 1.1-0.1 | 2.00 | 30.00 | 32.00 | OK | |
| r-oldrel-windows-x86_64 | 1.1-0.1 | 3.00 | 47.00 | 50.00 | OK | 
Version: 1.1-0.1
Check: CRAN incoming feasibility
Result: NOTE
  Maintainer: ‘Giuliana Cortese <gcortese@stat.unipd.it>’
  
  No Authors@R field in DESCRIPTION.
  Please add one, modifying
    Authors@R: person(given = "Giuliana",
                      family = "Cortese",
                      role = c("aut", "cre"),
                      email = "gcortese@stat.unipd.it")
  as necessary.
Flavors: r-devel-linux-x86_64-debian-clang, r-devel-linux-x86_64-debian-gcc