Last updated on 2025-11-04 05:51:20 CET.
| Flavor | Version | Tinstall | Tcheck | Ttotal | Status | Flags | 
|---|---|---|---|---|---|---|
| r-devel-linux-x86_64-debian-clang | 1.6 | 130.45 | 488.23 | 618.68 | OK | |
| r-devel-linux-x86_64-debian-gcc | 1.6 | 102.26 | 351.56 | 453.82 | OK | |
| r-devel-linux-x86_64-fedora-clang | 1.6 | 960.00 | 208.36 | 1168.36 | OK | |
| r-devel-linux-x86_64-fedora-gcc | 1.6 | 462.00 | 665.61 | 1127.61 | OK | |
| r-devel-windows-x86_64 | 1.6 | 180.00 | 438.00 | 618.00 | OK | |
| r-patched-linux-x86_64 | 1.6 | 0.24 | 2.02 | 2.26 | ERROR | |
| r-release-linux-x86_64 | 1.6 | 0.24 | 2.13 | 2.37 | ERROR | |
| r-release-macos-arm64 | 1.6 | 75.00 | 204.00 | 279.00 | OK | |
| r-release-macos-x86_64 | 1.6 | 44.00 | 189.00 | 233.00 | OK | |
| r-release-windows-x86_64 | 1.6 | 176.00 | 431.00 | 607.00 | OK | |
| r-oldrel-macos-arm64 | 1.6 | 40.00 | 116.00 | 156.00 | NOTE | |
| r-oldrel-macos-x86_64 | 1.6 | 50.00 | 218.00 | 268.00 | NOTE | |
| r-oldrel-windows-x86_64 | 1.6 | 141.00 | 589.00 | 730.00 | OK | 
Version: 1.6
Check: package dependencies
Result: ERROR
  Package required but not available: ‘PRECAST’
  
  Package suggested but not available for checking: ‘scater’
  
  See section ‘The DESCRIPTION file’ in the ‘Writing R Extensions’
  manual.
Flavors: r-patched-linux-x86_64, r-release-linux-x86_64
Version: 1.6
Check: installed package size
Result: NOTE
    installed size is 15.8Mb
    sub-directories of 1Mb or more:
      data   2.2Mb
      libs  13.1Mb
Flavors: r-oldrel-macos-arm64, r-oldrel-macos-x86_64