Last updated on 2025-05-22 06:51:54 CEST.
Flavor | Version | Tinstall | Tcheck | Ttotal | Status | Flags |
---|---|---|---|---|---|---|
r-devel-linux-x86_64-debian-clang | 1.6 | 111.53 | 481.63 | 593.16 | OK | |
r-devel-linux-x86_64-debian-gcc | 1.6 | 105.99 | 339.14 | 445.13 | OK | |
r-devel-linux-x86_64-fedora-clang | 1.6 | 1078.44 | ERROR | |||
r-devel-linux-x86_64-fedora-gcc | 1.6 | 1152.89 | OK | |||
r-devel-windows-x86_64 | 1.6 | 163.00 | 432.00 | 595.00 | OK | |
r-patched-linux-x86_64 | 1.6 | 113.41 | 459.99 | 573.40 | OK | |
r-release-linux-x86_64 | 1.6 | 155.62 | 457.61 | 613.23 | OK | |
r-release-macos-arm64 | 1.6 | 279.00 | OK | |||
r-release-macos-x86_64 | 1.6 | 233.00 | OK | |||
r-release-windows-x86_64 | 1.6 | 165.00 | 435.00 | 600.00 | OK | |
r-oldrel-macos-arm64 | 1.6 | 156.00 | NOTE | |||
r-oldrel-macos-x86_64 | 1.6 | 268.00 | NOTE | |||
r-oldrel-windows-x86_64 | 1.6 | 138.00 | 576.00 | 714.00 | OK |
Version: 1.6
Check: PDF version of manual
Result: WARN
LaTeX errors when creating PDF version.
This typically indicates Rd problems.
Flavor: r-devel-linux-x86_64-fedora-clang
Version: 1.6
Check: PDF version of manual without index
Result: ERROR
Re-running with no redirection of stdout/stderr.
Flavor: r-devel-linux-x86_64-fedora-clang
Version: 1.6
Check: for non-standard things in the check directory
Result: NOTE
Found the following files/directories:
‘ProFAST-manual.tex’
Flavor: r-devel-linux-x86_64-fedora-clang
Version: 1.6
Check: installed package size
Result: NOTE
installed size is 15.8Mb
sub-directories of 1Mb or more:
data 2.2Mb
libs 13.1Mb
Flavors: r-oldrel-macos-arm64, r-oldrel-macos-x86_64