Last updated on 2025-11-04 05:51:20 CET.
| Flavor | Version | Tinstall | Tcheck | Ttotal | Status | Flags | 
|---|---|---|---|---|---|---|
| r-devel-linux-x86_64-debian-clang | 1.1 | 1.96 | 26.38 | 28.34 | NOTE | |
| r-devel-linux-x86_64-debian-gcc | 1.1 | 1.77 | 21.52 | 23.29 | NOTE | |
| r-devel-linux-x86_64-fedora-clang | 1.1 | 42.57 | OK | |||
| r-devel-linux-x86_64-fedora-gcc | 1.1 | 40.71 | OK | |||
| r-devel-windows-x86_64 | 1.1 | 4.00 | 49.00 | 53.00 | OK | |
| r-patched-linux-x86_64 | 1.1 | 1.83 | 25.30 | 27.13 | OK | |
| r-release-linux-x86_64 | 1.1 | 2.14 | 25.52 | 27.66 | OK | |
| r-release-macos-arm64 | 1.1 | 1.00 | 20.00 | 21.00 | OK | |
| r-release-macos-x86_64 | 1.1 | 2.00 | 27.00 | 29.00 | OK | |
| r-release-windows-x86_64 | 1.1 | 4.00 | 46.00 | 50.00 | OK | |
| r-oldrel-macos-arm64 | 1.1 | 1.00 | 19.00 | 20.00 | OK | |
| r-oldrel-macos-x86_64 | 1.1 | 2.00 | 24.00 | 26.00 | OK | |
| r-oldrel-windows-x86_64 | 1.1 | 4.00 | 54.00 | 58.00 | OK | 
Version: 1.1
Check: CRAN incoming feasibility
Result: NOTE
  Maintainer: ‘Trevor Hastie <hastie@stanford.edu>’
  
  No Authors@R field in DESCRIPTION.
  Please add one, modifying
    Authors@R: c(person(given = "Trevor",
                        family = "Hastie",
                        role = c("aut", "cre"),
                        email = "hastie@stanford.edu"),
                 person(given = "Rob",
                        family = "Tibshirani",
                        role = "aut"))
  as necessary.
Flavors: r-devel-linux-x86_64-debian-clang, r-devel-linux-x86_64-debian-gcc