Last updated on 2025-02-22 11:51:38 CET.
Flavor | Version | Tinstall | Tcheck | Ttotal | Status | Flags |
---|---|---|---|---|---|---|
r-devel-linux-x86_64-debian-clang | 1.0.2 | 16.43 | 136.56 | 152.99 | NOTE | |
r-devel-linux-x86_64-debian-gcc | 1.0.2 | 11.58 | 91.70 | 103.28 | NOTE | |
r-devel-linux-x86_64-fedora-clang | 1.0.2 | 241.01 | OK | |||
r-devel-linux-x86_64-fedora-gcc | 1.0.2 | 231.32 | OK | |||
r-devel-macos-arm64 | 1.0.2 | 62.00 | OK | |||
r-devel-macos-x86_64 | 1.0.2 | 135.00 | OK | |||
r-devel-windows-x86_64 | 1.0.2 | 16.00 | 123.00 | 139.00 | NOTE | |
r-patched-linux-x86_64 | 1.0.2 | 19.90 | 123.30 | 143.20 | OK | |
r-release-linux-x86_64 | 1.0.2 | 13.73 | 125.57 | 139.30 | OK | |
r-release-macos-arm64 | 1.0.2 | 63.00 | OK | |||
r-release-macos-x86_64 | 1.0.2 | 113.00 | OK | |||
r-release-windows-x86_64 | 1.0.2 | 16.00 | 124.00 | 140.00 | OK | |
r-oldrel-macos-arm64 | 1.0.2 | 68.00 | OK | |||
r-oldrel-macos-x86_64 | 1.0.2 | 108.00 | OK | |||
r-oldrel-windows-x86_64 | 1.0.2 | 21.00 | 162.00 | 183.00 | OK |
Version: 1.0.2
Check: Rd cross-references
Result: NOTE
Found the following Rd file(s) with Rd \link{} targets missing package
anchors:
PredCRG.Rd: AAStringSet, readAAStringSet
PredCRG_Enc.Rd: AAStringSet, readAAStringSet
PredCRG_data.Rd: AAStringSet, readAAStringSet
PredCRG_training.Rd: AAStringSet, readAAStringSet, ksvm
Please provide package anchors for all Rd \link{} targets not in the
package itself and the base packages.
Flavors: r-devel-linux-x86_64-debian-clang, r-devel-linux-x86_64-debian-gcc, r-devel-windows-x86_64