CRAN Package Check Results for Package PopGenReport

Last updated on 2025-07-13 00:48:35 CEST.

Flavor Version Tinstall Tcheck Ttotal Status Flags
r-devel-linux-x86_64-debian-clang 3.1 42.71 373.22 415.93 NOTE
r-devel-linux-x86_64-debian-gcc 3.1 29.07 247.50 276.57 NOTE
r-devel-linux-x86_64-fedora-clang 3.1 706.57 OK
r-devel-linux-x86_64-fedora-gcc 3.1 632.80 OK
r-devel-windows-x86_64 3.1 39.00 307.00 346.00 NOTE
r-patched-linux-x86_64 3.1 42.98 353.83 396.81 NOTE
r-release-linux-x86_64 3.1 42.30 350.34 392.64 NOTE
r-release-macos-arm64 3.1 153.00 OK
r-release-macos-x86_64 3.1 349.00 OK
r-release-windows-x86_64 3.1 38.00 310.00 348.00 NOTE
r-oldrel-macos-arm64 3.1 144.00 OK
r-oldrel-macos-x86_64 3.1 225.00 OK
r-oldrel-windows-x86_64 3.1 54.00 390.00 444.00 OK

Check Details

Version: 3.1
Check: Rd cross-references
Result: NOTE Found the following Rd file(s) with Rd \link{} targets missing package anchors: allel.rich.Rd: genind allele.dist.Rd: genind bilby.Rd: genind gd.kosman.Rd: genind gd.smouse.Rd: genind genleastcost.Rd: gdistance, rSPDistance landgenreport.Rd: gdistance, rSPDistance null.all.Rd: genind popgenreport.Rd: genind, import2genind, df2genind, read.fstat, read.structure, read.genetix, read.genepop, Mercator, dismo, knitr, adegenet, pegas, mmod read.genetable.Rd: genind-class, adegenet, import2genind, df2genind, read.fstat, read.structure, read.genetix, read.genepop Please provide package anchors for all Rd \link{} targets not in the package itself and the base packages. Flavors: r-devel-linux-x86_64-debian-clang, r-devel-linux-x86_64-debian-gcc, r-devel-windows-x86_64, r-patched-linux-x86_64, r-release-linux-x86_64, r-release-windows-x86_64

mirror server hosted at Truenetwork, Russian Federation.