Last updated on 2025-11-03 23:50:27 CET.
| Flavor | Version | Tinstall | Tcheck | Ttotal | Status | Flags | 
|---|---|---|---|---|---|---|
| r-devel-linux-x86_64-debian-clang | 1.5.3 | 7.85 | 82.84 | 90.69 | NOTE | |
| r-devel-linux-x86_64-debian-gcc | 1.5.3 | 5.11 | 59.76 | 64.87 | NOTE | |
| r-devel-linux-x86_64-fedora-clang | 1.5.3 | 19.00 | 123.00 | 142.00 | OK | |
| r-devel-linux-x86_64-fedora-gcc | 1.5.3 | 19.00 | 115.27 | 134.27 | OK | |
| r-devel-windows-x86_64 | 1.5.3 | 9.00 | 87.00 | 96.00 | OK | |
| r-patched-linux-x86_64 | 1.5.3 | 8.59 | 78.15 | 86.74 | OK | |
| r-release-linux-x86_64 | 1.5.3 | 8.34 | 80.94 | 89.28 | OK | |
| r-release-macos-arm64 | 1.5.3 | 3.00 | 32.00 | 35.00 | OK | |
| r-release-macos-x86_64 | 1.5.3 | 8.00 | 56.00 | 64.00 | OK | |
| r-release-windows-x86_64 | 1.5.3 | 9.00 | 84.00 | 93.00 | OK | |
| r-oldrel-macos-arm64 | 1.5.3 | 3.00 | 29.00 | 32.00 | OK | |
| r-oldrel-macos-x86_64 | 1.5.3 | 5.00 | 43.00 | 48.00 | OK | |
| r-oldrel-windows-x86_64 | 1.5.3 | 13.00 | 105.00 | 118.00 | OK | 
Version: 1.5.3
Check: CRAN incoming feasibility
Result: NOTE
  Maintainer: ‘Ran Gao <rgao8@uic.edu>’
  
  No Authors@R field in DESCRIPTION.
  Please add one, modifying
    Authors@R: c(person(given = "Hakan",
                        family = "Demirtas",
                        role = "aut"),
                 person(given = "Rachel",
                        family = "Nordgren",
                        role = "aut"),
                 person(given = "Rawan",
                        family = "Allozi",
                        role = "aut"),
                 person(given = "Ran",
                        family = "Gao",
                        role = c("aut", "cre"),
                        email = "rgao8@uic.edu"))
  as necessary.
Flavors: r-devel-linux-x86_64-debian-clang, r-devel-linux-x86_64-debian-gcc