Last updated on 2025-11-03 23:50:27 CET.
| Flavor | Version | Tinstall | Tcheck | Ttotal | Status | Flags | 
|---|---|---|---|---|---|---|
| r-devel-linux-x86_64-debian-clang | 1.4.3 | 7.99 | 73.02 | 81.01 | NOTE | |
| r-devel-linux-x86_64-debian-gcc | 1.4.3 | 6.54 | 51.35 | 57.89 | NOTE | |
| r-devel-linux-x86_64-fedora-clang | 1.4.3 | 19.00 | 106.61 | 125.61 | OK | |
| r-devel-linux-x86_64-fedora-gcc | 1.4.3 | 19.00 | 99.66 | 118.66 | OK | |
| r-devel-windows-x86_64 | 1.4.3 | 10.00 | 81.00 | 91.00 | OK | |
| r-patched-linux-x86_64 | 1.4.3 | 9.42 | 69.23 | 78.65 | OK | |
| r-release-linux-x86_64 | 1.4.3 | 8.91 | 69.16 | 78.07 | OK | |
| r-release-macos-arm64 | 1.4.3 | 4.00 | 28.00 | 32.00 | OK | |
| r-release-macos-x86_64 | 1.4.3 | 6.00 | 52.00 | 58.00 | OK | |
| r-release-windows-x86_64 | 1.4.3 | 9.00 | 76.00 | 85.00 | OK | |
| r-oldrel-macos-arm64 | 1.4.3 | 3.00 | 25.00 | 28.00 | OK | |
| r-oldrel-macos-x86_64 | 1.4.3 | 5.00 | 38.00 | 43.00 | OK | |
| r-oldrel-windows-x86_64 | 1.4.3 | 13.00 | 97.00 | 110.00 | OK | 
Version: 1.4.3
Check: CRAN incoming feasibility
Result: NOTE
  Maintainer: ‘Ran Gao <rgao8@uic.edu>’
  
  No Authors@R field in DESCRIPTION.
  Please add one, modifying
    Authors@R: c(person(given = "Gul",
                        family = "Inan",
                        role = "aut"),
                 person(given = "Hakan",
                        family = "Demirtas",
                        role = "aut"),
                 person(given = "Ran",
                        family = "Gao",
                        role = c("aut", "cre"),
                        email = "rgao8@uic.edu"))
  as necessary.
Flavors: r-devel-linux-x86_64-debian-clang, r-devel-linux-x86_64-debian-gcc