CRAN Package Check Results for Package Plasmidprofiler

Last updated on 2025-07-14 00:48:32 CEST.

Flavor Version Tinstall Tcheck Ttotal Status Flags
r-devel-linux-x86_64-debian-clang 0.1.6 7.73 67.32 75.05 NOTE
r-devel-linux-x86_64-debian-gcc 0.1.6 5.42 46.72 52.14 NOTE
r-devel-linux-x86_64-fedora-clang 0.1.6 113.66 NOTE
r-devel-linux-x86_64-fedora-gcc 0.1.6 107.64 NOTE
r-devel-windows-x86_64 0.1.6 8.00 80.00 88.00 OK
r-patched-linux-x86_64 0.1.6 7.31 61.71 69.02 NOTE
r-release-linux-x86_64 0.1.6 7.83 62.59 70.42 NOTE
r-release-macos-arm64 0.1.6 33.00 OK
r-release-macos-x86_64 0.1.6 77.00 OK
r-release-windows-x86_64 0.1.6 9.00 91.00 100.00 OK
r-oldrel-macos-arm64 0.1.6 36.00 OK
r-oldrel-macos-x86_64 0.1.6 51.00 OK
r-oldrel-windows-x86_64 0.1.6 13.00 100.00 113.00 OK

Check Details

Version: 0.1.6
Check: for non-standard things in the check directory
Result: NOTE Found the following files/directories: ‘P2Run.csv’ ‘P2Run.html’ ‘P2Run.png’ Flavors: r-devel-linux-x86_64-debian-clang, r-devel-linux-x86_64-debian-gcc, r-devel-linux-x86_64-fedora-clang, r-devel-linux-x86_64-fedora-gcc, r-patched-linux-x86_64, r-release-linux-x86_64

mirror server hosted at Truenetwork, Russian Federation.