CRAN Package Check Results for Package Pijavski

Last updated on 2025-02-22 05:51:46 CET.

Flavor Version Tinstall Tcheck Ttotal Status Flags
r-devel-linux-x86_64-debian-clang 1.0.3 9.01 20.93 29.94 NOTE
r-devel-linux-x86_64-debian-gcc 1.0.3 5.81 16.86 22.67 NOTE
r-devel-linux-x86_64-fedora-clang 1.0.3 56.37 NOTE
r-devel-linux-x86_64-fedora-gcc 1.0.3 48.75 NOTE
r-devel-macos-arm64 1.0.3 20.00 NOTE
r-devel-macos-x86_64 1.0.3 33.00 NOTE
r-devel-windows-x86_64 1.0.3 10.00 60.00 70.00 NOTE
r-patched-linux-x86_64 1.0.3 8.24 19.87 28.11 NOTE
r-release-linux-x86_64 1.0.3 8.53 20.01 28.54 NOTE
r-release-macos-arm64 1.0.3 21.00 NOTE
r-release-macos-x86_64 1.0.3 40.00 NOTE
r-release-windows-x86_64 1.0.3 11.00 60.00 71.00 NOTE
r-oldrel-macos-arm64 1.0.3 22.00 NOTE
r-oldrel-macos-x86_64 1.0.3 34.00 NOTE
r-oldrel-windows-x86_64 1.0.3 11.00 67.00 78.00 NOTE

Check Details

Version: 1.0.3
Check: C++ specification
Result: NOTE Specified C++11: please drop specification unless essential Flavors: r-devel-linux-x86_64-debian-clang, r-devel-linux-x86_64-debian-gcc, r-devel-linux-x86_64-fedora-clang, r-devel-linux-x86_64-fedora-gcc, r-devel-macos-arm64, r-devel-macos-x86_64, r-devel-windows-x86_64, r-patched-linux-x86_64, r-release-linux-x86_64, r-release-macos-arm64, r-release-macos-x86_64, r-release-windows-x86_64, r-oldrel-macos-arm64, r-oldrel-macos-x86_64, r-oldrel-windows-x86_64

Version: 1.0.3
Check: LazyData
Result: NOTE 'LazyData' is specified without a 'data' directory Flavors: r-patched-linux-x86_64, r-release-linux-x86_64, r-release-macos-arm64, r-release-macos-x86_64, r-release-windows-x86_64, r-oldrel-macos-arm64, r-oldrel-macos-x86_64, r-oldrel-windows-x86_64

mirror server hosted at Truenetwork, Russian Federation.