Last updated on 2025-11-04 05:51:20 CET.
| Flavor | Version | Tinstall | Tcheck | Ttotal | Status | Flags | 
|---|---|---|---|---|---|---|
| r-devel-linux-x86_64-debian-clang | 1.0.4 | 21.53 | 23.87 | 45.40 | NOTE | |
| r-devel-linux-x86_64-debian-gcc | 1.0.4 | 11.56 | 19.23 | 30.79 | NOTE | |
| r-devel-linux-x86_64-fedora-clang | 1.0.4 | 47.00 | 32.03 | 79.03 | OK | |
| r-devel-linux-x86_64-fedora-gcc | 1.0.4 | 42.00 | 26.07 | 68.07 | OK | |
| r-devel-windows-x86_64 | 1.0.4 | 25.00 | 58.00 | 83.00 | OK | |
| r-patched-linux-x86_64 | 1.0.4 | 18.67 | 22.91 | 41.58 | OK | |
| r-release-linux-x86_64 | 1.0.4 | 19.54 | 22.88 | 42.42 | OK | |
| r-release-macos-arm64 | 1.0.4 | 9.00 | 18.00 | 27.00 | OK | |
| r-release-macos-x86_64 | 1.0.4 | 15.00 | 33.00 | 48.00 | OK | |
| r-release-windows-x86_64 | 1.0.4 | 23.00 | 57.00 | 80.00 | OK | |
| r-oldrel-macos-arm64 | 1.0.4 | 8.00 | 17.00 | 25.00 | NOTE | |
| r-oldrel-macos-x86_64 | 1.0.4 | 10.00 | 31.00 | 41.00 | NOTE | |
| r-oldrel-windows-x86_64 | 1.0.4 | 29.00 | 73.00 | 102.00 | NOTE | 
Version: 1.0.4
Check: CRAN incoming feasibility
Result: NOTE
  Maintainer: ‘Andrew G. Chapple <agc6@rice.edu>’
  
  No Authors@R field in DESCRIPTION.
  Please add one, modifying
    Authors@R: person(given = c("Andrew", "G."),
                      family = "Chapple",
                      role = c("aut", "cre"),
                      email = "agc6@rice.edu")
  as necessary.
Flavors: r-devel-linux-x86_64-debian-clang, r-devel-linux-x86_64-debian-gcc
Version: 1.0.4
Check: LazyData
Result: NOTE
    'LazyData' is specified without a 'data' directory
Flavors: r-oldrel-macos-arm64, r-oldrel-macos-x86_64, r-oldrel-windows-x86_64