Last updated on 2025-11-04 05:51:20 CET.
| Flavor | Version | Tinstall | Tcheck | Ttotal | Status | Flags | 
|---|---|---|---|---|---|---|
| r-devel-linux-x86_64-debian-clang | 0.2-4 | 3.13 | 68.12 | 71.25 | NOTE | |
| r-devel-linux-x86_64-debian-gcc | 0.2-4 | 2.30 | 59.00 | 61.30 | NOTE | |
| r-devel-linux-x86_64-fedora-clang | 0.2-4 | 105.38 | NOTE | |||
| r-devel-linux-x86_64-fedora-gcc | 0.2-4 | 127.37 | NOTE | |||
| r-devel-windows-x86_64 | 0.2-4 | 5.00 | 116.00 | 121.00 | NOTE | |
| r-patched-linux-x86_64 | 0.2-4 | 3.00 | 75.55 | 78.55 | NOTE | |
| r-release-linux-x86_64 | 0.2-4 | 2.81 | 76.51 | 79.32 | NOTE | |
| r-release-macos-arm64 | 0.2-4 | 1.00 | 58.00 | 59.00 | NOTE | |
| r-release-macos-x86_64 | 0.2-4 | 3.00 | 180.00 | 183.00 | NOTE | |
| r-release-windows-x86_64 | 0.2-4 | 4.00 | 114.00 | 118.00 | NOTE | |
| r-oldrel-macos-arm64 | 0.2-4 | 1.00 | 56.00 | 57.00 | NOTE | |
| r-oldrel-macos-x86_64 | 0.2-4 | 2.00 | 137.00 | 139.00 | NOTE | |
| r-oldrel-windows-x86_64 | 0.2-4 | 4.00 | 136.00 | 140.00 | NOTE | 
Version: 0.2-4
Check: Rd files
Result: NOTE
  checkRd: (-1) pa-internal.Rd:11: Lost braces
      11 | code{l2df}: convert list to data.frame
         |     ^
  checkRd: (-1) pa-internal.Rd:14: Lost braces
      14 | code{convertTZ}: force a new timezone on datetime
         |     ^
  checkRd: (-1) pa-internal.Rd:16: Lost braces
      16 | code{createTime}: create datetime variable
         |     ^
  checkRd: (-1) pa-internal.Rd:18: Lost braces
      18 | code{addDayIndex}: create ID_day variable from timestamp
         |     ^
Flavors: r-devel-linux-x86_64-debian-clang, r-devel-linux-x86_64-debian-gcc, r-devel-linux-x86_64-fedora-clang, r-devel-linux-x86_64-fedora-gcc, r-devel-windows-x86_64, r-patched-linux-x86_64, r-release-linux-x86_64, r-release-macos-arm64, r-release-macos-x86_64, r-release-windows-x86_64, r-oldrel-macos-arm64, r-oldrel-macos-x86_64, r-oldrel-windows-x86_64