Last updated on 2025-05-26 00:48:40 CEST.
Flavor | Version | Tinstall | Tcheck | Ttotal | Status | Flags |
---|---|---|---|---|---|---|
r-devel-linux-x86_64-debian-clang | 1.8.0 | 41.42 | 398.32 | 439.74 | OK | |
r-devel-linux-x86_64-debian-gcc | 1.8.0 | 31.02 | 265.31 | 296.33 | OK | |
r-devel-linux-x86_64-fedora-clang | 1.8.0 | 725.01 | OK | |||
r-devel-linux-x86_64-fedora-gcc | 1.8.0 | 695.91 | OK | |||
r-devel-windows-x86_64 | 1.8.0 | 49.00 | 373.00 | 422.00 | OK | |
r-patched-linux-x86_64 | 1.8.0 | 44.22 | 378.14 | 422.36 | OK | |
r-release-linux-x86_64 | 1.8.0 | 43.47 | 376.51 | 419.98 | OK | |
r-release-macos-arm64 | 1.8.0 | 211.00 | OK | |||
r-release-macos-x86_64 | 1.8.0 | 405.00 | OK | |||
r-release-windows-x86_64 | 1.8.0 | 49.00 | 365.00 | 414.00 | OK | |
r-oldrel-macos-arm64 | 1.8.0 | 169.00 | NOTE | |||
r-oldrel-macos-x86_64 | 1.8.0 | 478.00 | NOTE | |||
r-oldrel-windows-x86_64 | 1.8.0 | 64.00 | 501.00 | 565.00 | OK |
Version: 1.8.0
Check: installed package size
Result: NOTE
installed size is 5.1Mb
sub-directories of 1Mb or more:
libs 3.5Mb
Flavors: r-oldrel-macos-arm64, r-oldrel-macos-x86_64