CRAN Package Check Results for Package Phi2rho

Last updated on 2025-11-28 17:48:48 CET.

Flavor Version Tinstall Tcheck Ttotal Status Flags
r-devel-linux-x86_64-debian-clang 1.0.1 4.79 37.92 42.71 NOTE
r-devel-linux-x86_64-debian-gcc 1.0.1 3.00 28.30 31.30 NOTE
r-devel-linux-x86_64-fedora-clang 1.0.1 64.15 OK
r-devel-linux-x86_64-fedora-gcc 1.0.1 60.54 OK
r-devel-windows-x86_64 1.0.1 5.00 50.00 55.00 OK
r-patched-linux-x86_64 1.0.1 4.38 35.60 39.98 OK
r-release-linux-x86_64 1.0.1 3.13 36.06 39.19 OK
r-release-macos-arm64 1.0.1 OK
r-release-macos-x86_64 1.0.1 4.00 32.00 36.00 OK
r-release-windows-x86_64 1.0.1 5.00 57.00 62.00 OK
r-oldrel-macos-arm64 1.0.1 OK
r-oldrel-macos-x86_64 1.0.1 3.00 29.00 32.00 OK
r-oldrel-windows-x86_64 1.0.1 7.00 58.00 65.00 OK

Check Details

Version: 1.0.1
Check: CRAN incoming feasibility
Result: NOTE Maintainer: ‘Janez Komelj <jkomelj@siol.net>’ The Description field contains <doi:10.4236/ajcm.2023.134026> (or reprint <arXiv:2312.00011> with Please refer to arXiv e-prints via their arXiv DOI <doi:10.48550/arXiv.YYMM.NNNNN>. Flavors: r-devel-linux-x86_64-debian-clang, r-devel-linux-x86_64-debian-gcc

mirror server hosted at Truenetwork, Russian Federation.