Last updated on 2025-05-29 00:48:29 CEST.
Flavor | Version | Tinstall | Tcheck | Ttotal | Status | Flags |
---|---|---|---|---|---|---|
r-devel-linux-x86_64-debian-clang | 1.0.0 | 5.72 | 54.12 | 59.84 | NOTE | |
r-devel-linux-x86_64-debian-gcc | 1.0.0 | 4.83 | 39.49 | 44.32 | NOTE | |
r-devel-linux-x86_64-fedora-clang | 1.0.0 | 95.65 | OK | |||
r-devel-linux-x86_64-fedora-gcc | 1.0.0 | 95.68 | OK | |||
r-devel-windows-x86_64 | 1.0.0 | 6.00 | 71.00 | 77.00 | OK | |
r-patched-linux-x86_64 | 1.0.0 | 5.67 | 51.81 | 57.48 | OK | |
r-release-linux-x86_64 | 1.0.0 | 5.43 | 51.79 | 57.22 | OK | |
r-release-macos-arm64 | 1.0.0 | 34.00 | OK | |||
r-release-macos-x86_64 | 1.0.0 | 61.00 | OK | |||
r-release-windows-x86_64 | 1.0.0 | 6.00 | 76.00 | 82.00 | OK | |
r-oldrel-macos-arm64 | 1.0.0 | 30.00 | NOTE | |||
r-oldrel-macos-x86_64 | 1.0.0 | 65.00 | NOTE | |||
r-oldrel-windows-x86_64 | 1.0.0 | 9.00 | 83.00 | 92.00 | NOTE |
Version: 1.0.0
Check: CRAN incoming feasibility
Result: NOTE
Maintainer: ‘Yan Liu <yanliuresearch@gmail.com>’
The Description field contains
(2019) <arXiv:1912.11703>.
Please refer to arXiv e-prints via their arXiv DOI <doi:10.48550/arXiv.YYMM.NNNNN>.
Flavors: r-devel-linux-x86_64-debian-clang, r-devel-linux-x86_64-debian-gcc
Version: 1.0.0
Check: LazyData
Result: NOTE
'LazyData' is specified without a 'data' directory
Flavors: r-oldrel-macos-arm64, r-oldrel-macos-x86_64, r-oldrel-windows-x86_64