Last updated on 2025-11-03 23:50:26 CET.
| Flavor | Version | Tinstall | Tcheck | Ttotal | Status | Flags | 
|---|---|---|---|---|---|---|
| r-devel-linux-x86_64-debian-clang | 2023.9.4 | 2.21 | 23.76 | 25.97 | NOTE | |
| r-devel-linux-x86_64-debian-gcc | 2023.9.4 | 1.85 | 18.93 | 20.78 | NOTE | |
| r-devel-linux-x86_64-fedora-clang | 2023.9.4 | 39.60 | OK | |||
| r-devel-linux-x86_64-fedora-gcc | 2023.9.4 | 37.34 | OK | |||
| r-devel-windows-x86_64 | 2023.9.4 | 5.00 | 45.00 | 50.00 | OK | |
| r-patched-linux-x86_64 | 2023.9.4 | 2.28 | 22.98 | 25.26 | OK | |
| r-release-linux-x86_64 | 2023.9.4 | 2.08 | 22.52 | 24.60 | OK | |
| r-release-macos-arm64 | 2023.9.4 | 2.00 | 13.00 | 15.00 | OK | |
| r-release-macos-x86_64 | 2023.9.4 | 4.00 | 24.00 | 28.00 | OK | |
| r-release-windows-x86_64 | 2023.9.4 | 6.00 | 43.00 | 49.00 | OK | |
| r-oldrel-macos-arm64 | 2023.9.4 | 1.00 | 14.00 | 15.00 | OK | |
| r-oldrel-macos-x86_64 | 2023.9.4 | 3.00 | 20.00 | 23.00 | OK | |
| r-oldrel-windows-x86_64 | 2023.9.4 | 5.00 | 51.00 | 56.00 | OK | 
Version: 2023.9.4
Check: CRAN incoming feasibility
Result: NOTE
  Maintainer: ‘Toby Dylan Hocking <toby.hocking@r-project.org>’
  
  No Authors@R field in DESCRIPTION.
  Please add one, modifying
    Authors@R: person(given = c("Toby", "Dylan"),
                      family = "Hocking",
                      role = c("aut", "cre"),
                      email = "toby.hocking@r-project.org")
  as necessary.
Flavors: r-devel-linux-x86_64-debian-clang, r-devel-linux-x86_64-debian-gcc