Last updated on 2025-11-03 17:49:57 CET.
| Flavor | Version | Tinstall | Tcheck | Ttotal | Status | Flags |
|---|---|---|---|---|---|---|
| r-devel-linux-x86_64-debian-clang | 1.0.0 | 5.33 | 41.68 | 47.01 | OK | |
| r-devel-linux-x86_64-debian-gcc | 1.0.0 | 3.86 | 31.04 | 34.90 | OK | |
| r-devel-linux-x86_64-fedora-clang | 1.0.0 | 13.00 | 64.21 | 77.21 | NOTE | |
| r-devel-linux-x86_64-fedora-gcc | 1.0.0 | 16.00 | 69.74 | 85.74 | NOTE | |
| r-devel-windows-x86_64 | 1.0.0 | 8.00 | 61.00 | 69.00 | OK | |
| r-patched-linux-x86_64 | 1.0.0 | 6.43 | 39.73 | 46.16 | OK | |
| r-release-linux-x86_64 | 1.0.0 | 6.10 | 39.81 | 45.91 | OK | |
| r-release-macos-arm64 | 1.0.0 | 3.00 | 28.00 | 31.00 | OK | |
| r-release-macos-x86_64 | 1.0.0 | 5.00 | 55.00 | 60.00 | OK | |
| r-release-windows-x86_64 | 1.0.0 | 7.00 | 57.00 | 64.00 | OK | |
| r-oldrel-macos-arm64 | 1.0.0 | 3.00 | 26.00 | 29.00 | OK | |
| r-oldrel-macos-x86_64 | 1.0.0 | 5.00 | 41.00 | 46.00 | OK | |
| r-oldrel-windows-x86_64 | 1.0.0 | 9.00 | 69.00 | 78.00 | OK |
Version: 1.0.0
Check: dependencies in R code
Result: NOTE
Namespace in Imports field not imported from: ‘stats’
All declared Imports should be used.
Flavors: r-devel-linux-x86_64-fedora-clang, r-devel-linux-x86_64-fedora-gcc