Last updated on 2025-11-04 05:51:19 CET.
| Flavor | Version | Tinstall | Tcheck | Ttotal | Status | Flags | 
|---|---|---|---|---|---|---|
| r-devel-linux-x86_64-debian-clang | 1.1.1 | 7.62 | 97.12 | 104.74 | NOTE | |
| r-devel-linux-x86_64-debian-gcc | 1.1.1 | 5.35 | 67.37 | 72.72 | NOTE | |
| r-devel-linux-x86_64-fedora-clang | 1.1.1 | 17.00 | 146.49 | 163.49 | OK | |
| r-devel-linux-x86_64-fedora-gcc | 1.1.1 | 16.00 | 140.48 | 156.48 | OK | |
| r-devel-windows-x86_64 | 1.1.1 | 10.00 | 111.00 | 121.00 | OK | |
| r-patched-linux-x86_64 | 1.1.1 | 8.47 | 89.91 | 98.38 | OK | |
| r-release-linux-x86_64 | 1.1.1 | 7.29 | 88.88 | 96.17 | OK | |
| r-release-macos-arm64 | 1.1.1 | 4.00 | 41.00 | 45.00 | OK | |
| r-release-macos-x86_64 | 1.1.1 | 6.00 | 62.00 | 68.00 | OK | |
| r-release-windows-x86_64 | 1.1.1 | 10.00 | 107.00 | 117.00 | OK | |
| r-oldrel-macos-arm64 | 1.1.1 | 3.00 | 33.00 | 36.00 | OK | |
| r-oldrel-macos-x86_64 | 1.1.1 | 5.00 | 55.00 | 60.00 | OK | |
| r-oldrel-windows-x86_64 | 1.1.1 | 13.00 | 135.00 | 148.00 | OK | 
Version: 1.1.1
Check: CRAN incoming feasibility
Result: NOTE
  Maintainer: ‘Stephane Champely <champely@univ-lyon1.fr>’
  
  No Authors@R field in DESCRIPTION.
  Please add one, modifying
    Authors@R: person(given = "Stephane",
                      family = "Champely",
                      role = c("aut", "cre"),
                      email = "champely@univ-lyon1.fr")
  as necessary.
Flavors: r-devel-linux-x86_64-debian-clang, r-devel-linux-x86_64-debian-gcc