Last updated on 2025-11-04 05:51:21 CET.
| Flavor | Version | Tinstall | Tcheck | Ttotal | Status | Flags | 
|---|---|---|---|---|---|---|
| r-devel-linux-x86_64-debian-clang | 0.3 | 5.11 | 41.70 | 46.81 | NOTE | |
| r-devel-linux-x86_64-debian-gcc | 0.3 | 3.50 | 32.11 | 35.61 | NOTE | |
| r-devel-linux-x86_64-fedora-clang | 0.3 | 11.00 | 61.04 | 72.04 | OK | |
| r-devel-linux-x86_64-fedora-gcc | 0.3 | 11.00 | 54.92 | 65.92 | OK | |
| r-devel-windows-x86_64 | 0.3 | 5.00 | 62.00 | 67.00 | OK | |
| r-patched-linux-x86_64 | 0.3 | 4.98 | 39.51 | 44.49 | OK | |
| r-release-linux-x86_64 | 0.3 | 5.21 | 39.49 | 44.70 | OK | |
| r-release-macos-arm64 | 0.3 | 3.00 | 26.00 | 29.00 | OK | |
| r-release-macos-x86_64 | 0.3 | 4.00 | 38.00 | 42.00 | OK | |
| r-release-windows-x86_64 | 0.3 | 6.00 | 58.00 | 64.00 | OK | |
| r-oldrel-macos-arm64 | 0.3 | 3.00 | 23.00 | 26.00 | OK | |
| r-oldrel-macos-x86_64 | 0.3 | 4.00 | 34.00 | 38.00 | OK | |
| r-oldrel-windows-x86_64 | 0.3 | 8.00 | 70.00 | 78.00 | OK | 
Version: 0.3
Check: CRAN incoming feasibility
Result: NOTE
  Maintainer: ‘Thiago Santos <thiago.santos@ufvjm.edu.br>’
  
  No Authors@R field in DESCRIPTION.
  Please add one, modifying
    Authors@R: person(given = "Thiago",
                      family = "Santos",
                      role = c("aut", "cre"),
                      email = "thiago.santos@ufvjm.edu.br")
  as necessary.
Flavors: r-devel-linux-x86_64-debian-clang, r-devel-linux-x86_64-debian-gcc